{"id":33197,"date":"2026-04-22T18:33:42","date_gmt":"2026-04-22T22:33:42","guid":{"rendered":"https:\/\/obb.do\/inventario\/?post_type=vehica_car&#038;p=33197"},"modified":"2026-04-22T18:33:42","modified_gmt":"2026-04-22T22:33:42","slug":"volvo-xc60-t6-inscription-2020","status":"publish","type":"vehica_car","link":"https:\/\/obb.do\/inventario\/listado\/volvo-xc60-t6-inscription-2020\/","title":{"rendered":"Volvo XC60 T6 Inscription 2020"},"content":{"rendered":"<p>Volvo XC60 T6 Inscription 2020<\/p>\n<p>*Motor y mec\u00e1nica<\/p>\n<p>-Motor: 2.0L, 4 cilindros en l\u00ednea<br \/>\n-Cilindrada: 1,969 cc<br \/>\n-Alimentaci\u00f3n: turbo + supercargador (twin-charged)<br \/>\n-Potencia: 320 hp @ 5,700 rpm<br \/>\n-Torque: 400 Nm aprox. (295 lb-ft)<br \/>\n-Combustible: gasolina premium<\/p>\n<p>*Transmisi\u00f3n y tracci\u00f3n<\/p>\n<p>-Transmisi\u00f3n: autom\u00e1tica de 8 velocidades<br \/>\n-Tracci\u00f3n: AWD (integral permanente)<br \/>\n-Direcci\u00f3n: asistida el\u00e9ctrica progresiva<\/p>\n<p>*Prestaciones<\/p>\n<p>-0\u2013100 km\/h: 5.9 segundos<br \/>\n-Velocidad m\u00e1xima: 230 km\/h<\/p>\n<p>*Dimensiones y chasis<\/p>\n<p>-Tipo: SUV mediano de lujo<br \/>\n-Tracci\u00f3n: integral<br \/>\n-Llantas: 245\/50 R20<br \/>\n-Frenos: discos ventilados en las 4 ruedas<\/p>\n<p>*Equipamiento destacado (Inscription)<\/p>\n<p>-Confort y lujo<br \/>\n-Tapicer\u00eda de cuero premium<br \/>\n-Asientos el\u00e9ctricos con memoria, calefacci\u00f3n y ventilaci\u00f3n<br \/>\n-Techo panor\u00e1mico<br \/>\n-Climatizador bizona<br \/>\n-Sistema de sonido premium<br \/>\n-Pantalla central vertical (Sensus)<br \/>\n-Tecnolog\u00eda<br \/>\n-Head-Up Display<br \/>\n-C\u00e1mara 360\u00b0<br \/>\n-Control crucero adaptativo<br \/>\n-Asistente de estacionamiento<\/p>\n<p>*Seguridad (muy completo)<\/p>\n<p>-Frenado autom\u00e1tico de emergencia<br \/>\n-Detector de punto ciego<br \/>\n-Alerta de tr\u00e1fico cruzado<br \/>\n-Asistente de mantenimiento de carril<br \/>\n-M\u00faltiples airbags (frontales, laterales y de cortina)<\/p>\n","protected":false},"author":85,"featured_media":33202,"template":"","vehica_6654":[2509],"vehica_6655":[2325],"vehica_6659":[2489],"vehica_6660":[2491],"vehica_6661":[2495],"vehica_6662":[2496],"vehica_6663":[2498],"vehica_12974":[2590],"vehica_6666":[2499],"vehica_12770":[2507],"vehica_6670":[],"vehica_12723":[],"class_list":["post-33197","vehica_car","type-vehica_car","status-publish","has-post-thumbnail","hentry","vehica_6654-semi-nuevos","vehica_6655-suv","vehica_6659-volvo","vehica_6660-xc60","vehica_6661-awd","vehica_6662-automatica","vehica_6663-gasolina","vehica_12974-4-turbo","vehica_6666-gris","vehica_12770-4-puertas"],"vehica_6656":{"vehica_currency_6656_2316":38900},"vehica_14696":"2020","vehica_6664":"","vehica_21947":"25000","vehica_6665":"2000","vehica_6671":"","vehica_22153":"","vehica_6673":["https:\/\/obb.do\/inventario\/wp-content\/uploads\/2026\/04\/ISA08570.webp","https:\/\/obb.do\/inventario\/wp-content\/uploads\/2026\/04\/ISA08600.webp","https:\/\/obb.do\/inventario\/wp-content\/uploads\/2026\/04\/ISA08602.webp","https:\/\/obb.do\/inventario\/wp-content\/uploads\/2026\/04\/ISA08572.webp","https:\/\/obb.do\/inventario\/wp-content\/uploads\/2026\/04\/ISA08595.webp","https:\/\/obb.do\/inventario\/wp-content\/uploads\/2026\/04\/ISA08504-1.webp","https:\/\/obb.do\/inventario\/wp-content\/uploads\/2026\/04\/ISA08580.webp","https:\/\/obb.do\/inventario\/wp-content\/uploads\/2026\/04\/ISA08585.webp","https:\/\/obb.do\/inventario\/wp-content\/uploads\/2026\/04\/ISA08586.webp","https:\/\/obb.do\/inventario\/wp-content\/uploads\/2026\/04\/ISA08588.webp","https:\/\/obb.do\/inventario\/wp-content\/uploads\/2026\/04\/ISA08591.webp","https:\/\/obb.do\/inventario\/wp-content\/uploads\/2026\/04\/ISA08593.webp"],"vehica_6674":{"url":"","embed":""},"vehica_18820":[],"_links":{"self":[{"href":"https:\/\/obb.do\/inventario\/wp-json\/wp\/v2\/cars\/33197","targetHints":{"allow":["GET"]}}],"collection":[{"href":"https:\/\/obb.do\/inventario\/wp-json\/wp\/v2\/cars"}],"about":[{"href":"https:\/\/obb.do\/inventario\/wp-json\/wp\/v2\/types\/vehica_car"}],"author":[{"embeddable":true,"href":"https:\/\/obb.do\/inventario\/wp-json\/wp\/v2\/users\/85"}],"wp:featuredmedia":[{"embeddable":true,"href":"https:\/\/obb.do\/inventario\/wp-json\/wp\/v2\/media\/33202"}],"wp:attachment":[{"href":"https:\/\/obb.do\/inventario\/wp-json\/wp\/v2\/media?parent=33197"}],"wp:term":[{"taxonomy":"vehica_6654","embeddable":true,"href":"https:\/\/obb.do\/inventario\/wp-json\/wp\/v2\/vehica_6654?post=33197"},{"taxonomy":"vehica_6655","embeddable":true,"href":"https:\/\/obb.do\/inventario\/wp-json\/wp\/v2\/vehica_6655?post=33197"},{"taxonomy":"vehica_6659","embeddable":true,"href":"https:\/\/obb.do\/inventario\/wp-json\/wp\/v2\/vehica_6659?post=33197"},{"taxonomy":"vehica_6660","embeddable":true,"href":"https:\/\/obb.do\/inventario\/wp-json\/wp\/v2\/vehica_6660?post=33197"},{"taxonomy":"vehica_6661","embeddable":true,"href":"https:\/\/obb.do\/inventario\/wp-json\/wp\/v2\/vehica_6661?post=33197"},{"taxonomy":"vehica_6662","embeddable":true,"href":"https:\/\/obb.do\/inventario\/wp-json\/wp\/v2\/vehica_6662?post=33197"},{"taxonomy":"vehica_6663","embeddable":true,"href":"https:\/\/obb.do\/inventario\/wp-json\/wp\/v2\/vehica_6663?post=33197"},{"taxonomy":"vehica_12974","embeddable":true,"href":"https:\/\/obb.do\/inventario\/wp-json\/wp\/v2\/vehica_12974?post=33197"},{"taxonomy":"vehica_6666","embeddable":true,"href":"https:\/\/obb.do\/inventario\/wp-json\/wp\/v2\/vehica_6666?post=33197"},{"taxonomy":"vehica_12770","embeddable":true,"href":"https:\/\/obb.do\/inventario\/wp-json\/wp\/v2\/vehica_12770?post=33197"},{"taxonomy":"vehica_6670","embeddable":true,"href":"https:\/\/obb.do\/inventario\/wp-json\/wp\/v2\/vehica_6670?post=33197"},{"taxonomy":"vehica_12723","embeddable":true,"href":"https:\/\/obb.do\/inventario\/wp-json\/wp\/v2\/vehica_12723?post=33197"}],"curies":[{"name":"wp","href":"https:\/\/api.w.org\/{rel}","templated":true}]}}

<p>Volvo XC60 T6 Inscription 2020</p>
<p>*Motor y mecánica</p>
<p>-Motor: 2.0L, 4 cilindros en línea<br />
-Cilindrada: 1,969 cc<br />
-Alimentación: turbo + supercargador (twin-charged)<br />
-Potencia: 320 hp @ 5,700 rpm<br />
-Torque: 400 Nm aprox. (295 lb-ft)<br />
-Combustible: gasolina premium</p>
<p>*Transmisión y tracción</p>
<p>-Transmisión: automática de 8 velocidades<br />
-Tracción: AWD (integral permanente)<br />
-Dirección: asistida eléctrica progresiva</p>
<p>*Prestaciones</p>
<p>-0–100 km/h: 5.9 segundos<br />
-Velocidad máxima: 230 km/h</p>
<p>*Dimensiones y chasis</p>
<p>-Tipo: SUV mediano de lujo<br />
-Tracción: integral<br />
-Llantas: 245/50 R20<br />
-Frenos: discos ventilados en las 4 ruedas</p>
<p>*Equipamiento destacado (Inscription)</p>
<p>-Confort y lujo<br />
-Tapicería de cuero premium<br />
-Asientos eléctricos con memoria, calefacción y ventilación<br />
-Techo panorámico<br />
-Climatizador bizona<br />
-Sistema de sonido premium<br />
-Pantalla central vertical (Sensus)<br />
-Tecnología<br />
-Head-Up Display<br />
-Cámara 360°<br />
-Control crucero adaptativo<br />
-Asistente de estacionamiento</p>
<p>*Seguridad (muy completo)</p>
<p>-Frenado automático de emergencia<br />
-Detector de punto ciego<br />
-Alerta de tráfico cruzado<br />
-Asistente de mantenimiento de carril<br />
-Múltiples airbags (frontales, laterales y de cortina)</p>
