{"id":33003,"date":"2026-04-10T10:28:45","date_gmt":"2026-04-10T14:28:45","guid":{"rendered":"https:\/\/obb.do\/inventario\/?post_type=vehica_car&#038;p=33003"},"modified":"2026-04-15T14:11:49","modified_gmt":"2026-04-15T18:11:49","slug":"mercedes-benz-clase-g-63-amg-2026-copy","status":"publish","type":"vehica_car","link":"https:\/\/obb.do\/inventario\/listado\/mercedes-benz-clase-g-63-amg-2026-copy\/","title":{"rendered":"Mercedes-Benz Clase G 63 AMG 2026"},"content":{"rendered":"<p>Mercedes-Benz Clase G 63 AMG 2026 Manufaktur Deep Green Non-Metallic (Pedido especial, \u00fanica en su clase)<\/p>\n<p>*Motor y Rendimiento<\/p>\n<p>-Motor: V8 biturbo de 4.0 L, dise\u00f1ado a mano por AMG, con sistema h\u00edbrido leve (ISG 48 V) que a\u00f1ade hasta 20 hp y 148 lb-ft al arrancar o en bajas revoluciones.<br \/>\n-Potencia m\u00e1xima: 577 hp y 627 lb-ft de torque<br \/>\n-Transmisi\u00f3n: AMG SPEEDSHIFT TCT 9-G, autom\u00e1tica de nueve velocidades<br \/>\n-Tracci\u00f3n: AWD permanente AMG Performance 4MATIC+<\/p>\n<p>*Suspensi\u00f3n y Capacidades Off-Road<\/p>\n<p>-Opci\u00f3n de suspensi\u00f3n AMG Active Ride Control** (hidr\u00e1ulica con estabilizaci\u00f3n activa y amortiguadores ajustables), disponible como parte del AMG Off-Road Package Pro<br \/>\n-Modos de conducci\u00f3n todoterreno avanzados: \u201cTracking Pro\u201d y \u201cActive Balance Control\u201d permiten ajustar la rigidez de la suspensi\u00f3n para mejorar control o articulaci\u00f3n seg\u00fan el terreno<br \/>\n-Funci\u00f3n \u201cOff-road cockpit\u201d con c\u00e1mara 360\u00b0 y vista virtual del cap\u00f3 (\u201cTransparent Hood\u201d)<\/p>\n<p>*Tecnolog\u00eda y Confort<\/p>\n<p>-Infotainment MBUX con **pantallas combinadas de 12.3\u201d** (instrumentos + central t\u00e1ctil), sistema de realidad aumentada en la navegaci\u00f3n y conectividad inal\u00e1mbrica Apple CarPlay y Android Auto<br \/>\n-Audio premium Burmester Surround<br \/>\n-Confort: asientos multicontorno activos (opcional), iluminaci\u00f3n ambiental de 64 colores, varias opciones de personalizaci\u00f3n \u201cManufaktur\u201d<br \/>\n-Equipamiento adicional: cargador inal\u00e1mbrico, portabebidas con climatizaci\u00f3n, puertos de 12 V, sistema Wi-Fi hotspot y sistemas opcionales de entretenimiento trasero<\/p>\n","protected":false},"author":85,"featured_media":33004,"template":"","vehica_6654":[2508],"vehica_6655":[2729],"vehica_6659":[2326],"vehica_6660":[2638],"vehica_6661":[2659],"vehica_6662":[2496],"vehica_6663":[2498],"vehica_12974":[2404],"vehica_6666":[2502],"vehica_12770":[2507],"vehica_6670":[],"vehica_12723":[],"class_list":["post-33003","vehica_car","type-vehica_car","status-publish","has-post-thumbnail","hentry","vehica_6654-nuevos","vehica_6655-jeep","vehica_6659-mercedes-benz","vehica_6660-clase-g-63-amg","vehica_6661-4wd","vehica_6662-automatica","vehica_6663-gasolina","vehica_12974-2404","vehica_6666-azul","vehica_12770-4-puertas"],"vehica_6656":{"vehica_currency_6656_2316":425000},"vehica_14696":"2025","vehica_6664":"","vehica_21947":"0","vehica_6665":"4000","vehica_6671":"","vehica_22153":"","vehica_6673":["https:\/\/obb.do\/inventario\/wp-content\/uploads\/2026\/04\/ISA03586-scaled.jpg","https:\/\/obb.do\/inventario\/wp-content\/uploads\/2026\/04\/ISA03589-scaled.jpg","https:\/\/obb.do\/inventario\/wp-content\/uploads\/2026\/04\/ISA03593-scaled.jpg","https:\/\/obb.do\/inventario\/wp-content\/uploads\/2026\/04\/ISA03617-scaled.jpg","https:\/\/obb.do\/inventario\/wp-content\/uploads\/2026\/04\/ISA03636-scaled.jpg","https:\/\/obb.do\/inventario\/wp-content\/uploads\/2026\/04\/ISA03642-scaled.jpg","https:\/\/obb.do\/inventario\/wp-content\/uploads\/2026\/04\/ISA03633-scaled.jpg","https:\/\/obb.do\/inventario\/wp-content\/uploads\/2026\/04\/ISA03621-scaled.jpg","https:\/\/obb.do\/inventario\/wp-content\/uploads\/2026\/04\/ISA03627-scaled.jpg","https:\/\/obb.do\/inventario\/wp-content\/uploads\/2026\/04\/ISA03608-scaled.jpg","https:\/\/obb.do\/inventario\/wp-content\/uploads\/2026\/04\/ISA03623-scaled.jpg","https:\/\/obb.do\/inventario\/wp-content\/uploads\/2026\/04\/ISA03615-scaled.jpg","https:\/\/obb.do\/inventario\/wp-content\/uploads\/2026\/04\/ISA03630-scaled.jpg","https:\/\/obb.do\/inventario\/wp-content\/uploads\/2026\/04\/ISA03610-scaled.jpg"],"vehica_6674":{"url":"","embed":""},"vehica_18820":[],"_links":{"self":[{"href":"https:\/\/obb.do\/inventario\/wp-json\/wp\/v2\/cars\/33003","targetHints":{"allow":["GET"]}}],"collection":[{"href":"https:\/\/obb.do\/inventario\/wp-json\/wp\/v2\/cars"}],"about":[{"href":"https:\/\/obb.do\/inventario\/wp-json\/wp\/v2\/types\/vehica_car"}],"author":[{"embeddable":true,"href":"https:\/\/obb.do\/inventario\/wp-json\/wp\/v2\/users\/85"}],"wp:featuredmedia":[{"embeddable":true,"href":"https:\/\/obb.do\/inventario\/wp-json\/wp\/v2\/media\/33004"}],"wp:attachment":[{"href":"https:\/\/obb.do\/inventario\/wp-json\/wp\/v2\/media?parent=33003"}],"wp:term":[{"taxonomy":"vehica_6654","embeddable":true,"href":"https:\/\/obb.do\/inventario\/wp-json\/wp\/v2\/vehica_6654?post=33003"},{"taxonomy":"vehica_6655","embeddable":true,"href":"https:\/\/obb.do\/inventario\/wp-json\/wp\/v2\/vehica_6655?post=33003"},{"taxonomy":"vehica_6659","embeddable":true,"href":"https:\/\/obb.do\/inventario\/wp-json\/wp\/v2\/vehica_6659?post=33003"},{"taxonomy":"vehica_6660","embeddable":true,"href":"https:\/\/obb.do\/inventario\/wp-json\/wp\/v2\/vehica_6660?post=33003"},{"taxonomy":"vehica_6661","embeddable":true,"href":"https:\/\/obb.do\/inventario\/wp-json\/wp\/v2\/vehica_6661?post=33003"},{"taxonomy":"vehica_6662","embeddable":true,"href":"https:\/\/obb.do\/inventario\/wp-json\/wp\/v2\/vehica_6662?post=33003"},{"taxonomy":"vehica_6663","embeddable":true,"href":"https:\/\/obb.do\/inventario\/wp-json\/wp\/v2\/vehica_6663?post=33003"},{"taxonomy":"vehica_12974","embeddable":true,"href":"https:\/\/obb.do\/inventario\/wp-json\/wp\/v2\/vehica_12974?post=33003"},{"taxonomy":"vehica_6666","embeddable":true,"href":"https:\/\/obb.do\/inventario\/wp-json\/wp\/v2\/vehica_6666?post=33003"},{"taxonomy":"vehica_12770","embeddable":true,"href":"https:\/\/obb.do\/inventario\/wp-json\/wp\/v2\/vehica_12770?post=33003"},{"taxonomy":"vehica_6670","embeddable":true,"href":"https:\/\/obb.do\/inventario\/wp-json\/wp\/v2\/vehica_6670?post=33003"},{"taxonomy":"vehica_12723","embeddable":true,"href":"https:\/\/obb.do\/inventario\/wp-json\/wp\/v2\/vehica_12723?post=33003"}],"curies":[{"name":"wp","href":"https:\/\/api.w.org\/{rel}","templated":true}]}}

<p>Mercedes-Benz Clase G 63 AMG 2026 Manufaktur Deep Green Non-Metallic (Pedido especial, única en su clase)</p>
<p>*Motor y Rendimiento</p>
<p>-Motor: V8 biturbo de 4.0 L, diseñado a mano por AMG, con sistema híbrido leve (ISG 48 V) que añade hasta 20 hp y 148 lb-ft al arrancar o en bajas revoluciones.<br />
-Potencia máxima: 577 hp y 627 lb-ft de torque<br />
-Transmisión: AMG SPEEDSHIFT TCT 9-G, automática de nueve velocidades<br />
-Tracción: AWD permanente AMG Performance 4MATIC+</p>
<p>*Suspensión y Capacidades Off-Road</p>
<p>-Opción de suspensión AMG Active Ride Control** (hidráulica con estabilización activa y amortiguadores ajustables), disponible como parte del AMG Off-Road Package Pro<br />
-Modos de conducción todoterreno avanzados: “Tracking Pro” y “Active Balance Control” permiten ajustar la rigidez de la suspensión para mejorar control o articulación según el terreno<br />
-Función “Off-road cockpit” con cámara 360° y vista virtual del capó (“Transparent Hood”)</p>
<p>*Tecnología y Confort</p>
<p>-Infotainment MBUX con **pantallas combinadas de 12.3”** (instrumentos + central táctil), sistema de realidad aumentada en la navegación y conectividad inalámbrica Apple CarPlay y Android Auto<br />
-Audio premium Burmester Surround<br />
-Confort: asientos multicontorno activos (opcional), iluminación ambiental de 64 colores, varias opciones de personalización “Manufaktur”<br />
-Equipamiento adicional: cargador inalámbrico, portabebidas con climatización, puertos de 12 V, sistema Wi-Fi hotspot y sistemas opcionales de entretenimiento trasero</p>
