{"id":32990,"date":"2026-04-08T18:43:45","date_gmt":"2026-04-08T22:43:45","guid":{"rendered":"https:\/\/obb.do\/inventario\/listado\/honda-cr-v-exl-2026-3\/"},"modified":"2026-04-08T18:45:38","modified_gmt":"2026-04-08T22:45:38","slug":"honda-cr-v-exl-2026-3","status":"publish","type":"vehica_car","link":"https:\/\/obb.do\/inventario\/listado\/honda-cr-v-exl-2026-3\/","title":{"rendered":"Honda CR-V EXL 2026"},"content":{"rendered":"<p>\u2014- NUEVA \u2014-<\/p>\n<p>HONDA CRV EX-L 2024<\/p>\n<p>EN ESTA ENTREGA EL FABRICANTE JAPON\u00c9S HONDA NOS IMPRESIONA CON EL NUEVO MODELO CRV TOTALMENTE REDISE\u00d1ADO, CON EL MEJOR DE LOS EQUIPAMIENTOS Y UN HERMOSO DISE\u00d1O EN SU CARROCER\u00cdA.<\/p>\n<p>EQUIPADO CON:<\/p>\n<p>-ASIENTOS EN PIEL<br \/>\n-AROS DE LUJO DE 19 PULGADAS<br \/>\n-CAMARA DE DELANTERA Y TRASERA<br \/>\n-SENSORES DE PARQUEO<br \/>\n-LUCES FULL LED<br \/>\n-LLAVE INTELIGENTE<br \/>\n-CRUISE CONTROL ADAPTATIVO<br \/>\n-CARGADOR INAL\u00c1MBRICO<br \/>\n-COMPUERTA DE BA\u00daL AUTOM\u00c1TICA<br \/>\n-SUN ROOF<br \/>\n-RETROVISORES ABATIBLES<br \/>\n-SISTEMA ECON<br \/>\n-SISTEMA DE SONIDO BOSE<\/p>\n","protected":false},"author":85,"featured_media":32992,"template":"","vehica_6654":[2508],"vehica_6655":[2325],"vehica_6659":[2532],"vehica_6660":[2663],"vehica_6661":[2659],"vehica_6662":[2496],"vehica_6663":[2498],"vehica_12974":[2590],"vehica_6666":[2499],"vehica_12770":[2568],"vehica_6670":[2546,2106,2570,2569,2601,2095,2098,2575,2547,2576,2097,2572,2602,2623,2579,2624],"vehica_12723":[2393,2550,2549,2577,2390,2428,2394,2551,2578],"class_list":["post-32990","vehica_car","type-vehica_car","status-publish","has-post-thumbnail","hentry","vehica_6654-nuevos","vehica_6655-suv","vehica_6659-honda","vehica_6660-cr-v-exl","vehica_6661-4wd","vehica_6662-automatica","vehica_6663-gasolina","vehica_12974-4-turbo","vehica_6666-gris","vehica_12770-5-puertas","vehica_6670-alarma","vehica_6670-alerta-de-punto-ciego","vehica_6670-android-auto","vehica_6670-apple-carplay","vehica_6670-aros-de-fabrica","vehica_6670-asientos-con-calefaccion","vehica_6670-asientos-de-piel","vehica_6670-asientos-electricos","vehica_6670-baul-electrico","vehica_6670-llave-inteligente","vehica_6670-luces-led","vehica_6670-pintura-de-fabrica","vehica_6670-radio-am-fm","vehica_6670-sun-roof","vehica_6670-turbo","vehica_6670-version-japonesa","vehica_12723-advertencia-de-punto-ciego","vehica_12723-airbag-pasajero","vehica_12723-airbags-chofer","vehica_12723-airbags-laterales","vehica_12723-asistente-de-freno","vehica_12723-asistente-de-mantenimiento-de-carril","vehica_12723-camara-de-reversa","vehica_12723-frenos-abs","vehica_12723-sensores-de-parqueo"],"vehica_6656":{"vehica_currency_6656_2316":57900},"vehica_14696":"2026","vehica_6664":"","vehica_21947":"0","vehica_6665":"1500","vehica_6671":"","vehica_22153":"","vehica_6673":["https:\/\/obb.do\/inventario\/wp-content\/uploads\/2026\/04\/ISA09850.webp","https:\/\/obb.do\/inventario\/wp-content\/uploads\/2026\/04\/ISA09852.webp","https:\/\/obb.do\/inventario\/wp-content\/uploads\/2026\/04\/ISA09878.webp","https:\/\/obb.do\/inventario\/wp-content\/uploads\/2026\/04\/ISA09880.webp","https:\/\/obb.do\/inventario\/wp-content\/uploads\/2026\/04\/ISA09853.webp","https:\/\/obb.do\/inventario\/wp-content\/uploads\/2026\/04\/ISA09859.webp","https:\/\/obb.do\/inventario\/wp-content\/uploads\/2026\/04\/ISA09861.webp","https:\/\/obb.do\/inventario\/wp-content\/uploads\/2026\/04\/ISA09864.webp","https:\/\/obb.do\/inventario\/wp-content\/uploads\/2026\/04\/ISA09865.webp","https:\/\/obb.do\/inventario\/wp-content\/uploads\/2026\/04\/ISA09871.webp","https:\/\/obb.do\/inventario\/wp-content\/uploads\/2026\/04\/ISA09873.webp","https:\/\/obb.do\/inventario\/wp-content\/uploads\/2026\/04\/ISA09874.webp"],"vehica_6674":{"url":"","embed":""},"vehica_18820":[],"_links":{"self":[{"href":"https:\/\/obb.do\/inventario\/wp-json\/wp\/v2\/cars\/32990","targetHints":{"allow":["GET"]}}],"collection":[{"href":"https:\/\/obb.do\/inventario\/wp-json\/wp\/v2\/cars"}],"about":[{"href":"https:\/\/obb.do\/inventario\/wp-json\/wp\/v2\/types\/vehica_car"}],"author":[{"embeddable":true,"href":"https:\/\/obb.do\/inventario\/wp-json\/wp\/v2\/users\/85"}],"wp:featuredmedia":[{"embeddable":true,"href":"https:\/\/obb.do\/inventario\/wp-json\/wp\/v2\/media\/32992"}],"wp:attachment":[{"href":"https:\/\/obb.do\/inventario\/wp-json\/wp\/v2\/media?parent=32990"}],"wp:term":[{"taxonomy":"vehica_6654","embeddable":true,"href":"https:\/\/obb.do\/inventario\/wp-json\/wp\/v2\/vehica_6654?post=32990"},{"taxonomy":"vehica_6655","embeddable":true,"href":"https:\/\/obb.do\/inventario\/wp-json\/wp\/v2\/vehica_6655?post=32990"},{"taxonomy":"vehica_6659","embeddable":true,"href":"https:\/\/obb.do\/inventario\/wp-json\/wp\/v2\/vehica_6659?post=32990"},{"taxonomy":"vehica_6660","embeddable":true,"href":"https:\/\/obb.do\/inventario\/wp-json\/wp\/v2\/vehica_6660?post=32990"},{"taxonomy":"vehica_6661","embeddable":true,"href":"https:\/\/obb.do\/inventario\/wp-json\/wp\/v2\/vehica_6661?post=32990"},{"taxonomy":"vehica_6662","embeddable":true,"href":"https:\/\/obb.do\/inventario\/wp-json\/wp\/v2\/vehica_6662?post=32990"},{"taxonomy":"vehica_6663","embeddable":true,"href":"https:\/\/obb.do\/inventario\/wp-json\/wp\/v2\/vehica_6663?post=32990"},{"taxonomy":"vehica_12974","embeddable":true,"href":"https:\/\/obb.do\/inventario\/wp-json\/wp\/v2\/vehica_12974?post=32990"},{"taxonomy":"vehica_6666","embeddable":true,"href":"https:\/\/obb.do\/inventario\/wp-json\/wp\/v2\/vehica_6666?post=32990"},{"taxonomy":"vehica_12770","embeddable":true,"href":"https:\/\/obb.do\/inventario\/wp-json\/wp\/v2\/vehica_12770?post=32990"},{"taxonomy":"vehica_6670","embeddable":true,"href":"https:\/\/obb.do\/inventario\/wp-json\/wp\/v2\/vehica_6670?post=32990"},{"taxonomy":"vehica_12723","embeddable":true,"href":"https:\/\/obb.do\/inventario\/wp-json\/wp\/v2\/vehica_12723?post=32990"}],"curies":[{"name":"wp","href":"https:\/\/api.w.org\/{rel}","templated":true}]}}

<p>—- NUEVA —-</p>
<p>HONDA CRV EX-L 2024</p>
<p>EN ESTA ENTREGA EL FABRICANTE JAPONÉS HONDA NOS IMPRESIONA CON EL NUEVO MODELO CRV TOTALMENTE REDISEÑADO, CON EL MEJOR DE LOS EQUIPAMIENTOS Y UN HERMOSO DISEÑO EN SU CARROCERÍA.</p>
<p>EQUIPADO CON:</p>
<p>-ASIENTOS EN PIEL<br />
-AROS DE LUJO DE 19 PULGADAS<br />
-CAMARA DE DELANTERA Y TRASERA<br />
-SENSORES DE PARQUEO<br />
-LUCES FULL LED<br />
-LLAVE INTELIGENTE<br />
-CRUISE CONTROL ADAPTATIVO<br />
-CARGADOR INALÁMBRICO<br />
-COMPUERTA DE BAÚL AUTOMÁTICA<br />
-SUN ROOF<br />
-RETROVISORES ABATIBLES<br />
-SISTEMA ECON<br />
-SISTEMA DE SONIDO BOSE</p>
