{"id":32469,"date":"2026-02-10T12:13:11","date_gmt":"2026-02-10T16:13:11","guid":{"rendered":"https:\/\/obb.do\/inventario\/?post_type=vehica_car&#038;p=32469"},"modified":"2026-02-10T12:13:11","modified_gmt":"2026-02-10T16:13:11","slug":"mercedes-benz-sprinter-2026","status":"publish","type":"vehica_car","link":"https:\/\/obb.do\/inventario\/listado\/mercedes-benz-sprinter-2026\/","title":{"rendered":"Mercedes-Benz Sprinter 2026"},"content":{"rendered":"<p>Mercedes-Benz SPRINTER PANEL VAN 416 CDI 16+1 PASAJEROS 2024<\/p>\n<p>A\u00f1o: 2026<br \/>\nVersi\u00f3n: VS30 RWD<br \/>\nMotor: OM 654 DE 20 LA 115 KW (156 HP) \/ 4 en l\u00ednea Cilindros<br \/>\nPotencia: 156 HP<br \/>\nColor: Negro Intenso<br \/>\nCilindrada: 2.999 cm\u00b3<br \/>\nTorque: 520\/1.800 &#8211; 5.800 Nm a rpm<\/p>\n<p>Motor<\/p>\n<p>-OM 654-DE 20LA Biturbo, 115 KW (156 HP) de 3800 rpm e 33 m.kgf de 1200-2400 rpm.<br \/>\n-Zona Verde 1,700 a 3,200 rpm\/min<br \/>\n-Cilindrada total 2,143 cm3<br \/>\n-Di\u00e1metro \/ Carrera 83.0 \/99.0<br \/>\n-Disposici\u00f3n de Cilindros R4<br \/>\n-Tipo de ventilador VISCOSE<br \/>\n-BITURBO \u2013 Mejor tiempo de comando al acelerar.<br \/>\n-Bajo Consumo de Combustible<br \/>\n-12% de mayor potencia y 6,5% mayor de torque<br \/>\n-Ejecuci\u00f3n del Motor (norma de emisi\u00f3n de gases EURO III)<br \/>\n-Filtro de combustible con separador de agua<br \/>\n-Escape en el Final del Chasis<br \/>\n-Direcci\u00f3n Hidr\u00e1ulica<\/p>\n<p>Caja de cambio \/ Transmisi\u00f3n:<\/p>\n<p>-Caja de cambio manual de 6 velocidades ECO Gear<br \/>\n-Indicador de Marchas<br \/>\n-Dep\u00f3sito de Combustible de 71 litros<\/p>\n<p>Carrocer\u00edas y equipos adosados<\/p>\n<p>-Techo Elevado<br \/>\n-Peso Bruto Vehicular (PBV) 5.000 toneladas<\/p>\n<p>Equipamiento<\/p>\n<p>-Desmultiplicaci\u00f3n de eje i = 4,182<br \/>\n-Eje Delantero 1,85t<br \/>\n-Eje Trasero H 0 3.5t<\/p>\n<p>Equipamiento Interior, climatizaci\u00f3n<\/p>\n<p>-Ventilador el\u00e9ctrico en el techo<br \/>\n-Instalaci\u00f3n ventilaci\u00f3n con filtro<br \/>\n-Aire acondicionado Temmatik<br \/>\n-Aire acondicionado adicional, reforzado en la parte trasera<\/p>\n<p>Equipos electr\u00f3nicos<\/p>\n<p>-Gerencia de la bater\u00eda<br \/>\n-Altavoces de dos v\u00edas delanteros y traseros<br \/>\n-Interruptor principal unipolar de bater\u00eda<br \/>\n-Regleta para conexiones el\u00e9ctricas en la caja del asiento del conductor<br \/>\n-Contacto para el arranque<br \/>\n-Tac\u00f3grafo<br \/>\n-Veloc\u00edmetro en kil\u00f3metros<br \/>\n-Dispositivo de advertencia de cintur\u00f3n de seguridad<br \/>\n-Indicador de temperatura exterior<\/p>\n<p>Neum\u00e1ticos<\/p>\n<p>-Eje delantero: 2 x 225\/75 R16C<br \/>\n-Eje Trasero: 2 x 225\/75 R16 C<br \/>\n-Llantas: Acero 6,5 J x 16<\/p>\n<p>Garant\u00eda: La vigencia de Garant\u00eda es de dos (2) a\u00f1o y\/o 220,000 kil\u00f3metros (lo que ocurra<br \/>\nprimero) a partir de la Fecha de Venta del veh\u00edculo.<\/p>\n","protected":false},"author":85,"featured_media":32471,"template":"","vehica_6654":[2508],"vehica_6655":[2832],"vehica_6659":[2326],"vehica_6660":[2833],"vehica_6661":[2076],"vehica_6662":[2314],"vehica_6663":[2108],"vehica_12974":[2590],"vehica_6666":[2500],"vehica_12770":[2506],"vehica_6670":[],"vehica_12723":[],"class_list":["post-32469","vehica_car","type-vehica_car","status-publish","has-post-thumbnail","hentry","vehica_6654-nuevos","vehica_6655-minivan","vehica_6659-mercedes-benz","vehica_6660-splinter","vehica_6661-traccion-trasera","vehica_6662-manual","vehica_6663-diesel","vehica_12974-4-turbo","vehica_6666-negro","vehica_12770-2-puertas"],"vehica_6656":{"vehica_currency_6656_2316":98900},"vehica_14696":"2026","vehica_6664":"","vehica_21947":"0","vehica_6665":"3000","vehica_6671":"","vehica_22153":"","vehica_6673":["https:\/\/obb.do\/inventario\/wp-content\/uploads\/2026\/02\/ISA07175.webp","https:\/\/obb.do\/inventario\/wp-content\/uploads\/2026\/02\/ISA07178.webp","https:\/\/obb.do\/inventario\/wp-content\/uploads\/2026\/02\/ISA07199.webp","https:\/\/obb.do\/inventario\/wp-content\/uploads\/2026\/02\/ISA07183.webp","https:\/\/obb.do\/inventario\/wp-content\/uploads\/2026\/02\/ISA07184.webp","https:\/\/obb.do\/inventario\/wp-content\/uploads\/2026\/02\/ISA07186.webp","https:\/\/obb.do\/inventario\/wp-content\/uploads\/2026\/02\/ISA07193.webp"],"vehica_6674":{"url":"","embed":""},"vehica_18820":[],"_links":{"self":[{"href":"https:\/\/obb.do\/inventario\/wp-json\/wp\/v2\/cars\/32469","targetHints":{"allow":["GET"]}}],"collection":[{"href":"https:\/\/obb.do\/inventario\/wp-json\/wp\/v2\/cars"}],"about":[{"href":"https:\/\/obb.do\/inventario\/wp-json\/wp\/v2\/types\/vehica_car"}],"author":[{"embeddable":true,"href":"https:\/\/obb.do\/inventario\/wp-json\/wp\/v2\/users\/85"}],"wp:featuredmedia":[{"embeddable":true,"href":"https:\/\/obb.do\/inventario\/wp-json\/wp\/v2\/media\/32471"}],"wp:attachment":[{"href":"https:\/\/obb.do\/inventario\/wp-json\/wp\/v2\/media?parent=32469"}],"wp:term":[{"taxonomy":"vehica_6654","embeddable":true,"href":"https:\/\/obb.do\/inventario\/wp-json\/wp\/v2\/vehica_6654?post=32469"},{"taxonomy":"vehica_6655","embeddable":true,"href":"https:\/\/obb.do\/inventario\/wp-json\/wp\/v2\/vehica_6655?post=32469"},{"taxonomy":"vehica_6659","embeddable":true,"href":"https:\/\/obb.do\/inventario\/wp-json\/wp\/v2\/vehica_6659?post=32469"},{"taxonomy":"vehica_6660","embeddable":true,"href":"https:\/\/obb.do\/inventario\/wp-json\/wp\/v2\/vehica_6660?post=32469"},{"taxonomy":"vehica_6661","embeddable":true,"href":"https:\/\/obb.do\/inventario\/wp-json\/wp\/v2\/vehica_6661?post=32469"},{"taxonomy":"vehica_6662","embeddable":true,"href":"https:\/\/obb.do\/inventario\/wp-json\/wp\/v2\/vehica_6662?post=32469"},{"taxonomy":"vehica_6663","embeddable":true,"href":"https:\/\/obb.do\/inventario\/wp-json\/wp\/v2\/vehica_6663?post=32469"},{"taxonomy":"vehica_12974","embeddable":true,"href":"https:\/\/obb.do\/inventario\/wp-json\/wp\/v2\/vehica_12974?post=32469"},{"taxonomy":"vehica_6666","embeddable":true,"href":"https:\/\/obb.do\/inventario\/wp-json\/wp\/v2\/vehica_6666?post=32469"},{"taxonomy":"vehica_12770","embeddable":true,"href":"https:\/\/obb.do\/inventario\/wp-json\/wp\/v2\/vehica_12770?post=32469"},{"taxonomy":"vehica_6670","embeddable":true,"href":"https:\/\/obb.do\/inventario\/wp-json\/wp\/v2\/vehica_6670?post=32469"},{"taxonomy":"vehica_12723","embeddable":true,"href":"https:\/\/obb.do\/inventario\/wp-json\/wp\/v2\/vehica_12723?post=32469"}],"curies":[{"name":"wp","href":"https:\/\/api.w.org\/{rel}","templated":true}]}}

<p>Mercedes-Benz SPRINTER PANEL VAN 416 CDI 16+1 PASAJEROS 2024</p>
<p>Año: 2026<br />
Versión: VS30 RWD<br />
Motor: OM 654 DE 20 LA 115 KW (156 HP) / 4 en línea Cilindros<br />
Potencia: 156 HP<br />
Color: Negro Intenso<br />
Cilindrada: 2.999 cm³<br />
Torque: 520/1.800 &#8211; 5.800 Nm a rpm</p>
<p>Motor</p>
<p>-OM 654-DE 20LA Biturbo, 115 KW (156 HP) de 3800 rpm e 33 m.kgf de 1200-2400 rpm.<br />
-Zona Verde 1,700 a 3,200 rpm/min<br />
-Cilindrada total 2,143 cm3<br />
-Diámetro / Carrera 83.0 /99.0<br />
-Disposición de Cilindros R4<br />
-Tipo de ventilador VISCOSE<br />
-BITURBO – Mejor tiempo de comando al acelerar.<br />
-Bajo Consumo de Combustible<br />
-12% de mayor potencia y 6,5% mayor de torque<br />
-Ejecución del Motor (norma de emisión de gases EURO III)<br />
-Filtro de combustible con separador de agua<br />
-Escape en el Final del Chasis<br />
-Dirección Hidráulica</p>
<p>Caja de cambio / Transmisión:</p>
<p>-Caja de cambio manual de 6 velocidades ECO Gear<br />
-Indicador de Marchas<br />
-Depósito de Combustible de 71 litros</p>
<p>Carrocerías y equipos adosados</p>
<p>-Techo Elevado<br />
-Peso Bruto Vehicular (PBV) 5.000 toneladas</p>
<p>Equipamiento</p>
<p>-Desmultiplicación de eje i = 4,182<br />
-Eje Delantero 1,85t<br />
-Eje Trasero H 0 3.5t</p>
<p>Equipamiento Interior, climatización</p>
<p>-Ventilador eléctrico en el techo<br />
-Instalación ventilación con filtro<br />
-Aire acondicionado Temmatik<br />
-Aire acondicionado adicional, reforzado en la parte trasera</p>
<p>Equipos electrónicos</p>
<p>-Gerencia de la batería<br />
-Altavoces de dos vías delanteros y traseros<br />
-Interruptor principal unipolar de batería<br />
-Regleta para conexiones eléctricas en la caja del asiento del conductor<br />
-Contacto para el arranque<br />
-Tacógrafo<br />
-Velocímetro en kilómetros<br />
-Dispositivo de advertencia de cinturón de seguridad<br />
-Indicador de temperatura exterior</p>
<p>Neumáticos</p>
<p>-Eje delantero: 2 x 225/75 R16C<br />
-Eje Trasero: 2 x 225/75 R16 C<br />
-Llantas: Acero 6,5 J x 16</p>
<p>Garantía: La vigencia de Garantía es de dos (2) año y/o 220,000 kilómetros (lo que ocurra<br />
primero) a partir de la Fecha de Venta del vehículo.</p>
