{"id":32444,"date":"2026-02-10T12:07:26","date_gmt":"2026-02-10T16:07:26","guid":{"rendered":"https:\/\/obb.do\/inventario\/?post_type=vehica_car&#038;p=32444"},"modified":"2026-03-16T17:34:53","modified_gmt":"2026-03-16T21:34:53","slug":"porsche-911-turbo-50-aniversario-2025","status":"publish","type":"vehica_car","link":"https:\/\/obb.do\/inventario\/listado\/porsche-911-turbo-50-aniversario-2025\/","title":{"rendered":"Porsche 911 Turbo 50 Aniversario 2025"},"content":{"rendered":"<p>Porsche 911 Turbo 50 Years, Turbo S (edici\u00f3n especial de los 50 a\u00f1os del 911 Turbo 2025)<\/p>\n<p>*Motor y tren motriz<\/p>\n<p>-Motor: 6 cilindros b\u00f3xer *twin-turbo* con geometr\u00eda de turbina variable (VTG)<br \/>\n-Cilindrada: 3,745 cm\u00b3 (3.7 L)<br \/>\n-Potencia m\u00e1xima: 650 hp (478 kW)<br \/>\n-Par m\u00e1ximo: 800 Nm (590 lb-ft)<br \/>\n-Combustible: Gasolina<br \/>\n-Transmisi\u00f3n: Autom\u00e1tica de doble embrague **PDK de 8 velocidades<br \/>\n-Tracci\u00f3n: Integral activa Porsche Traction Management (PTM)<\/p>\n<p>*Prestaciones<\/p>\n<p>-0\u2013100 km\/h: 2.7 s (con Sport Chrono)<br \/>\n-0\u2013200 km\/h: 8.9 s<br \/>\n-Velocidad m\u00e1xima: 330 km\/h<\/p>\n<p>*Chasis, Suspensi\u00f3n y Frenos<\/p>\n<p>-Suspensi\u00f3n: Porsche Active Suspension Management (PASM) sport (10 mm m\u00e1s baja)<br \/>\n-Sistema de elevaci\u00f3n del eje delantero: (Front-Axle Lift)<br \/>\n-Frenos: Discos ventilados.<br \/>\n-Direcci\u00f3n:Assistida con sistema deportivo Porsche<br \/>\n-Ruedas t\u00edpicas: 20? adelante \/ 21? atr\u00e1s<\/p>\n<p>*Equipamiento y tecnolog\u00eda<\/p>\n<p>-Paquete Heritage Design con detalles interiores cl\u00e1sicos (tart\u00e1n, emblemas especiales)<br \/>\n-Sistema Sport Chrono (incluye cron\u00f3metro y modos de conducci\u00f3n)<br \/>\n-Escape deportivo de serie con salidas negras<br \/>\n-Luces LED Matrix con Dynamic Light System Plus<br \/>\n-Porsche Torque Vectoring Plus (PTV Plus)<br \/>\n-Interior y acabados exclusivos edici\u00f3n 50 a\u00f1os (insignias, detalles de dise\u00f1o especiales)<\/p>\n<p>*Nota importantes<\/p>\n<p>* Este modelo es una (edici\u00f3n limitada a 1,974 unidades) conmemorando el a\u00f1o en que se present\u00f3 el primer 911 Turbo (1974).<\/p>\n","protected":false},"author":85,"featured_media":32446,"template":"","vehica_6654":[2508],"vehica_6655":[2607],"vehica_6659":[2321],"vehica_6660":[2829],"vehica_6661":[2495],"vehica_6662":[2496],"vehica_6663":[2498],"vehica_12974":[2588],"vehica_6666":[2517],"vehica_12770":[2506],"vehica_6670":[],"vehica_12723":[],"class_list":["post-32444","vehica_car","type-vehica_car","status-publish","has-post-thumbnail","hentry","vehica_6654-nuevos","vehica_6655-deportivo","vehica_6659-porsche","vehica_6660-911-turbo-s","vehica_6661-awd","vehica_6662-automatica","vehica_6663-gasolina","vehica_12974-6-turbo","vehica_6666-rojo","vehica_12770-2-puertas"],"vehica_6656":{"vehica_currency_6656_2316":450000},"vehica_14696":"2025","vehica_6664":"","vehica_21947":"0","vehica_6665":"3000","vehica_6671":"","vehica_22153":"","vehica_6673":["https:\/\/obb.do\/inventario\/wp-content\/uploads\/2026\/02\/ISA07093.webp","https:\/\/obb.do\/inventario\/wp-content\/uploads\/2026\/02\/ISA07095.webp","https:\/\/obb.do\/inventario\/wp-content\/uploads\/2026\/02\/ISA07129.webp","https:\/\/obb.do\/inventario\/wp-content\/uploads\/2026\/02\/ISA07132.webp","https:\/\/obb.do\/inventario\/wp-content\/uploads\/2026\/02\/ISA07109.webp","https:\/\/obb.do\/inventario\/wp-content\/uploads\/2026\/02\/ISA07113.webp","https:\/\/obb.do\/inventario\/wp-content\/uploads\/2026\/02\/ISA07115.webp","https:\/\/obb.do\/inventario\/wp-content\/uploads\/2026\/02\/ISA07116.webp","https:\/\/obb.do\/inventario\/wp-content\/uploads\/2026\/02\/ISA07118.webp","https:\/\/obb.do\/inventario\/wp-content\/uploads\/2026\/02\/ISA07122.webp","https:\/\/obb.do\/inventario\/wp-content\/uploads\/2026\/02\/ISA07123.webp","https:\/\/obb.do\/inventario\/wp-content\/uploads\/2026\/02\/ISA07114.webp"],"vehica_6674":{"url":"","embed":""},"vehica_18820":[],"_links":{"self":[{"href":"https:\/\/obb.do\/inventario\/wp-json\/wp\/v2\/cars\/32444","targetHints":{"allow":["GET"]}}],"collection":[{"href":"https:\/\/obb.do\/inventario\/wp-json\/wp\/v2\/cars"}],"about":[{"href":"https:\/\/obb.do\/inventario\/wp-json\/wp\/v2\/types\/vehica_car"}],"author":[{"embeddable":true,"href":"https:\/\/obb.do\/inventario\/wp-json\/wp\/v2\/users\/85"}],"wp:featuredmedia":[{"embeddable":true,"href":"https:\/\/obb.do\/inventario\/wp-json\/wp\/v2\/media\/32446"}],"wp:attachment":[{"href":"https:\/\/obb.do\/inventario\/wp-json\/wp\/v2\/media?parent=32444"}],"wp:term":[{"taxonomy":"vehica_6654","embeddable":true,"href":"https:\/\/obb.do\/inventario\/wp-json\/wp\/v2\/vehica_6654?post=32444"},{"taxonomy":"vehica_6655","embeddable":true,"href":"https:\/\/obb.do\/inventario\/wp-json\/wp\/v2\/vehica_6655?post=32444"},{"taxonomy":"vehica_6659","embeddable":true,"href":"https:\/\/obb.do\/inventario\/wp-json\/wp\/v2\/vehica_6659?post=32444"},{"taxonomy":"vehica_6660","embeddable":true,"href":"https:\/\/obb.do\/inventario\/wp-json\/wp\/v2\/vehica_6660?post=32444"},{"taxonomy":"vehica_6661","embeddable":true,"href":"https:\/\/obb.do\/inventario\/wp-json\/wp\/v2\/vehica_6661?post=32444"},{"taxonomy":"vehica_6662","embeddable":true,"href":"https:\/\/obb.do\/inventario\/wp-json\/wp\/v2\/vehica_6662?post=32444"},{"taxonomy":"vehica_6663","embeddable":true,"href":"https:\/\/obb.do\/inventario\/wp-json\/wp\/v2\/vehica_6663?post=32444"},{"taxonomy":"vehica_12974","embeddable":true,"href":"https:\/\/obb.do\/inventario\/wp-json\/wp\/v2\/vehica_12974?post=32444"},{"taxonomy":"vehica_6666","embeddable":true,"href":"https:\/\/obb.do\/inventario\/wp-json\/wp\/v2\/vehica_6666?post=32444"},{"taxonomy":"vehica_12770","embeddable":true,"href":"https:\/\/obb.do\/inventario\/wp-json\/wp\/v2\/vehica_12770?post=32444"},{"taxonomy":"vehica_6670","embeddable":true,"href":"https:\/\/obb.do\/inventario\/wp-json\/wp\/v2\/vehica_6670?post=32444"},{"taxonomy":"vehica_12723","embeddable":true,"href":"https:\/\/obb.do\/inventario\/wp-json\/wp\/v2\/vehica_12723?post=32444"}],"curies":[{"name":"wp","href":"https:\/\/api.w.org\/{rel}","templated":true}]}}

<p>Porsche 911 Turbo 50 Years, Turbo S (edición especial de los 50 años del 911 Turbo 2025)</p>
<p>*Motor y tren motriz</p>
<p>-Motor: 6 cilindros bóxer *twin-turbo* con geometría de turbina variable (VTG)<br />
-Cilindrada: 3,745 cm³ (3.7 L)<br />
-Potencia máxima: 650 hp (478 kW)<br />
-Par máximo: 800 Nm (590 lb-ft)<br />
-Combustible: Gasolina<br />
-Transmisión: Automática de doble embrague **PDK de 8 velocidades<br />
-Tracción: Integral activa Porsche Traction Management (PTM)</p>
<p>*Prestaciones</p>
<p>-0–100 km/h: 2.7 s (con Sport Chrono)<br />
-0–200 km/h: 8.9 s<br />
-Velocidad máxima: 330 km/h</p>
<p>*Chasis, Suspensión y Frenos</p>
<p>-Suspensión: Porsche Active Suspension Management (PASM) sport (10 mm más baja)<br />
-Sistema de elevación del eje delantero: (Front-Axle Lift)<br />
-Frenos: Discos ventilados.<br />
-Dirección:Assistida con sistema deportivo Porsche<br />
-Ruedas típicas: 20? adelante / 21? atrás</p>
<p>*Equipamiento y tecnología</p>
<p>-Paquete Heritage Design con detalles interiores clásicos (tartán, emblemas especiales)<br />
-Sistema Sport Chrono (incluye cronómetro y modos de conducción)<br />
-Escape deportivo de serie con salidas negras<br />
-Luces LED Matrix con Dynamic Light System Plus<br />
-Porsche Torque Vectoring Plus (PTV Plus)<br />
-Interior y acabados exclusivos edición 50 años (insignias, detalles de diseño especiales)</p>
<p>*Nota importantes</p>
<p>* Este modelo es una (edición limitada a 1,974 unidades) conmemorando el año en que se presentó el primer 911 Turbo (1974).</p>
