{"id":32400,"date":"2026-02-10T11:27:02","date_gmt":"2026-02-10T15:27:02","guid":{"rendered":"https:\/\/obb.do\/inventario\/listado\/mercedes-benz-clase-s-63-2025-2\/"},"modified":"2026-02-10T11:33:56","modified_gmt":"2026-02-10T15:33:56","slug":"mercedes-benz-clase-s-63-2025-2","status":"publish","type":"vehica_car","link":"https:\/\/obb.do\/inventario\/listado\/mercedes-benz-clase-s-63-2025-2\/","title":{"rendered":"Mercedes-Benz Clase S 63 E PERFORMANCE 2025"},"content":{"rendered":"<p>Mercedes-Benz Clase S 63 E Performance 2025<\/p>\n<p>\u2022Motor 4.0TT de 8 cilindros en V con 791 hp y 1,055 lb-ft de torque.<br \/>\n\u2022Transmisi\u00f3n autom\u00e1tica AMG SPEEDSHIFT MCT 9G con levas en el volante.<br \/>\n\u2022Exterior: Pintura MANUFAKTUR blanco opalita bright<br \/>\n\u2022Interior: Cuero exclusivo napa AMG rojo carm\u00edn\/negro<\/p>\n<p>Equipamiento<\/p>\n<p>-Elementos de adorno de madera de \u00e1lamo antracita de poros abiertos<br \/>\n-Volante AMG Performance en napa<br \/>\n-MBUX Navegaci\u00f3n Plus<br \/>\n-Navegaci\u00f3n por disco duro<br \/>\n-Paquete de equipamiento est\u00e1ndar<br \/>\n-paquete exclusivo AMG<br \/>\n-Paquete de aparcamiento con c\u00e1mara de 360\u00b0<br \/>\n-Ayuda activa para aparcar incluyendo PARKTRONIC<br \/>\n-C\u00e1mara de 360\u00b0<br \/>\n-KEYLESS-GO con manillas de las puertas enrasadas con la carrocer\u00eda<br \/>\n-Paquete ch\u00f3fer<br \/>\n-Reposacabezas de confort EASY ADJUST para conductor y acompa\u00f1ante, abatible en el lado del acompa\u00f1ante.<br \/>\n-Asiento del acompa\u00f1ante con ajuste el\u00e9ctrico desde la parte trasera<br \/>\n-PRE-SAFE\u00ae Impulso<br \/>\n-Paquete de protecci\u00f3n solar<br \/>\n-Persianas el\u00e9ctricas en las puertas traseras, a la izquierda y a la derecha<br \/>\n-Persiana el\u00e9ctrica para la luneta trasera<br \/>\n-Paquete de asistencia a la conducci\u00f3n<br \/>\n-Asistente activo de distancia DISTRONIC<br \/>\n-Paquete AIR-BALANCE<br \/>\n-Paquete Night AMG<br \/>\n-kit de memorias<br \/>\n-Retrovisores interior y exterior (lado del conductor) con dispositivo antideslumbrante autom\u00e1tico<br \/>\n-Asiento del conductor y del acompa\u00f1ante con ajuste el\u00e9ctrico y funci\u00f3n de memoria<br \/>\n-Esc\u00e1ner de huella dactilar<br \/>\n-Paquete asientos multicontorno activos<br \/>\n-Neum\u00e1ticos de verano<br \/>\n-Desconexi\u00f3n autom\u00e1tica del airbag del acompa\u00f1ante<br \/>\n-Realidad aumentada MBUX para navegaci\u00f3n<\/p>\n<p>Garantia: 5 a\u00f1os y\/o 100 kms (Lo que ocurra primero) &#8211; 8 a\u00f1os contra corrosi\u00f3n de pintura.<\/p>\n","protected":false},"author":85,"featured_media":32417,"template":"","vehica_6654":[2508],"vehica_6655":[2338],"vehica_6659":[2326],"vehica_6660":[2512],"vehica_6661":[2495],"vehica_6662":[2496],"vehica_6663":[2498],"vehica_12974":[2404],"vehica_6666":[2499],"vehica_12770":[2507],"vehica_6670":[],"vehica_12723":[],"class_list":["post-32400","vehica_car","type-vehica_car","status-publish","has-post-thumbnail","hentry","vehica_6654-nuevos","vehica_6655-sedan","vehica_6659-mercedes-benz","vehica_6660-clase-s","vehica_6661-awd","vehica_6662-automatica","vehica_6663-gasolina","vehica_12974-2404","vehica_6666-gris","vehica_12770-4-puertas"],"vehica_6656":{"vehica_currency_6656_2316":304900},"vehica_14696":"2025","vehica_6664":"","vehica_21947":"0","vehica_6665":"4000","vehica_6671":"","vehica_22153":"","vehica_6673":["https:\/\/obb.do\/inventario\/wp-content\/uploads\/2026\/02\/ISA06917.webp","https:\/\/obb.do\/inventario\/wp-content\/uploads\/2026\/02\/ISA06918.webp","https:\/\/obb.do\/inventario\/wp-content\/uploads\/2026\/02\/ISA06946.webp","https:\/\/obb.do\/inventario\/wp-content\/uploads\/2026\/02\/ISA06939.webp","https:\/\/obb.do\/inventario\/wp-content\/uploads\/2026\/02\/ISA06967.webp","https:\/\/obb.do\/inventario\/wp-content\/uploads\/2026\/02\/ISA06933.webp","https:\/\/obb.do\/inventario\/wp-content\/uploads\/2026\/02\/ISA06942.webp","https:\/\/obb.do\/inventario\/wp-content\/uploads\/2026\/02\/ISA06954.webp","https:\/\/obb.do\/inventario\/wp-content\/uploads\/2026\/02\/ISA06956.webp","https:\/\/obb.do\/inventario\/wp-content\/uploads\/2026\/02\/ISA06959.webp","https:\/\/obb.do\/inventario\/wp-content\/uploads\/2026\/02\/ISA06965.webp","https:\/\/obb.do\/inventario\/wp-content\/uploads\/2026\/02\/ISA06951.webp","https:\/\/obb.do\/inventario\/wp-content\/uploads\/2026\/02\/ISA06928.webp","https:\/\/obb.do\/inventario\/wp-content\/uploads\/2026\/02\/ISA06927.webp","https:\/\/obb.do\/inventario\/wp-content\/uploads\/2026\/02\/ISA06921.webp"],"vehica_6674":{"url":"","embed":""},"vehica_18820":[],"_links":{"self":[{"href":"https:\/\/obb.do\/inventario\/wp-json\/wp\/v2\/cars\/32400","targetHints":{"allow":["GET"]}}],"collection":[{"href":"https:\/\/obb.do\/inventario\/wp-json\/wp\/v2\/cars"}],"about":[{"href":"https:\/\/obb.do\/inventario\/wp-json\/wp\/v2\/types\/vehica_car"}],"author":[{"embeddable":true,"href":"https:\/\/obb.do\/inventario\/wp-json\/wp\/v2\/users\/85"}],"wp:featuredmedia":[{"embeddable":true,"href":"https:\/\/obb.do\/inventario\/wp-json\/wp\/v2\/media\/32417"}],"wp:attachment":[{"href":"https:\/\/obb.do\/inventario\/wp-json\/wp\/v2\/media?parent=32400"}],"wp:term":[{"taxonomy":"vehica_6654","embeddable":true,"href":"https:\/\/obb.do\/inventario\/wp-json\/wp\/v2\/vehica_6654?post=32400"},{"taxonomy":"vehica_6655","embeddable":true,"href":"https:\/\/obb.do\/inventario\/wp-json\/wp\/v2\/vehica_6655?post=32400"},{"taxonomy":"vehica_6659","embeddable":true,"href":"https:\/\/obb.do\/inventario\/wp-json\/wp\/v2\/vehica_6659?post=32400"},{"taxonomy":"vehica_6660","embeddable":true,"href":"https:\/\/obb.do\/inventario\/wp-json\/wp\/v2\/vehica_6660?post=32400"},{"taxonomy":"vehica_6661","embeddable":true,"href":"https:\/\/obb.do\/inventario\/wp-json\/wp\/v2\/vehica_6661?post=32400"},{"taxonomy":"vehica_6662","embeddable":true,"href":"https:\/\/obb.do\/inventario\/wp-json\/wp\/v2\/vehica_6662?post=32400"},{"taxonomy":"vehica_6663","embeddable":true,"href":"https:\/\/obb.do\/inventario\/wp-json\/wp\/v2\/vehica_6663?post=32400"},{"taxonomy":"vehica_12974","embeddable":true,"href":"https:\/\/obb.do\/inventario\/wp-json\/wp\/v2\/vehica_12974?post=32400"},{"taxonomy":"vehica_6666","embeddable":true,"href":"https:\/\/obb.do\/inventario\/wp-json\/wp\/v2\/vehica_6666?post=32400"},{"taxonomy":"vehica_12770","embeddable":true,"href":"https:\/\/obb.do\/inventario\/wp-json\/wp\/v2\/vehica_12770?post=32400"},{"taxonomy":"vehica_6670","embeddable":true,"href":"https:\/\/obb.do\/inventario\/wp-json\/wp\/v2\/vehica_6670?post=32400"},{"taxonomy":"vehica_12723","embeddable":true,"href":"https:\/\/obb.do\/inventario\/wp-json\/wp\/v2\/vehica_12723?post=32400"}],"curies":[{"name":"wp","href":"https:\/\/api.w.org\/{rel}","templated":true}]}}

<p>Mercedes-Benz Clase S 63 E Performance 2025</p>
<p>•Motor 4.0TT de 8 cilindros en V con 791 hp y 1,055 lb-ft de torque.<br />
•Transmisión automática AMG SPEEDSHIFT MCT 9G con levas en el volante.<br />
•Exterior: Pintura MANUFAKTUR blanco opalita bright<br />
•Interior: Cuero exclusivo napa AMG rojo carmín/negro</p>
<p>Equipamiento</p>
<p>-Elementos de adorno de madera de álamo antracita de poros abiertos<br />
-Volante AMG Performance en napa<br />
-MBUX Navegación Plus<br />
-Navegación por disco duro<br />
-Paquete de equipamiento estándar<br />
-paquete exclusivo AMG<br />
-Paquete de aparcamiento con cámara de 360°<br />
-Ayuda activa para aparcar incluyendo PARKTRONIC<br />
-Cámara de 360°<br />
-KEYLESS-GO con manillas de las puertas enrasadas con la carrocería<br />
-Paquete chófer<br />
-Reposacabezas de confort EASY ADJUST para conductor y acompañante, abatible en el lado del acompañante.<br />
-Asiento del acompañante con ajuste eléctrico desde la parte trasera<br />
-PRE-SAFE® Impulso<br />
-Paquete de protección solar<br />
-Persianas eléctricas en las puertas traseras, a la izquierda y a la derecha<br />
-Persiana eléctrica para la luneta trasera<br />
-Paquete de asistencia a la conducción<br />
-Asistente activo de distancia DISTRONIC<br />
-Paquete AIR-BALANCE<br />
-Paquete Night AMG<br />
-kit de memorias<br />
-Retrovisores interior y exterior (lado del conductor) con dispositivo antideslumbrante automático<br />
-Asiento del conductor y del acompañante con ajuste eléctrico y función de memoria<br />
-Escáner de huella dactilar<br />
-Paquete asientos multicontorno activos<br />
-Neumáticos de verano<br />
-Desconexión automática del airbag del acompañante<br />
-Realidad aumentada MBUX para navegación</p>
<p>Garantia: 5 años y/o 100 kms (Lo que ocurra primero) &#8211; 8 años contra corrosión de pintura.</p>
