{"id":32335,"date":"2026-01-20T12:58:04","date_gmt":"2026-01-20T16:58:04","guid":{"rendered":"https:\/\/obb.do\/inventario\/?post_type=vehica_car&#038;p=32335"},"modified":"2026-03-16T17:30:16","modified_gmt":"2026-03-16T21:30:16","slug":"porsche-911-turbo-s-2024","status":"publish","type":"vehica_car","link":"https:\/\/obb.do\/inventario\/listado\/porsche-911-turbo-s-2024\/","title":{"rendered":"Porsche 911 Turbo S 2024"},"content":{"rendered":"<p>Porsche 911 Turbo S 2024 (XPELL FULL CAR &amp; SISTEMA DE ESCAPE MODIFICADO DE FABRICA)<\/p>\n<p>Motor y Tren Motriz<\/p>\n<p>Motor: 3.6 L b\u00f3xer de 6 cilindros con dos turbocompresores el\u00e9ctricos (T-Hybrid)<br \/>\nPotencia m\u00e1xima: 711 PS (522 kW) (la m\u00e1s alta para un 911 de producci\u00f3n).<br \/>\nPar m\u00e1ximo: 800 Nm<br \/>\nTransmisi\u00f3n: PDK de 8 velocidades con motor el\u00e9ctrico integrado.<br \/>\nTracci\u00f3n: Integral Porsche Traction Management (PTM)<\/p>\n<p>Tecnolog\u00eda T-Hybrid<\/p>\n<p>Este sistema combina:<\/p>\n<p>Dos eTurbos (turbocompresores el\u00e9ctricos).<br \/>\nBater\u00eda de alto voltaje ligera de 400 V con 1.9 kWh de capacidad.<br \/>\nMejora respuesta del turbo y entrega de par desde muy bajas revoluciones.<\/p>\n<p>Prestaciones<\/p>\n<p>Aceleraci\u00f3n 0-100 km\/h:2.5 s (con Launch Control)<\/p>\n<p>Chasis y Suspensi\u00f3n<\/p>\n<p>Suspensi\u00f3n delantera:** McPherson.<br \/>\nSuspensi\u00f3n trasera: Multibrazo con direcci\u00f3n en el eje trasero.<br \/>\nFrenos: Opcional Porsche Ceramic Composite Brakes (PCCB) con discos grandes y pinzas de m\u00faltiples pistones (seg\u00fan equipamiento)<\/p>\n","protected":false},"author":85,"featured_media":32346,"template":"","vehica_6654":[2509],"vehica_6655":[2607],"vehica_6659":[2321],"vehica_6660":[2829],"vehica_6661":[2495],"vehica_6662":[2496],"vehica_6663":[2498],"vehica_12974":[2588],"vehica_6666":[2501],"vehica_12770":[2506],"vehica_6670":[],"vehica_12723":[],"class_list":["post-32335","vehica_car","type-vehica_car","status-publish","has-post-thumbnail","hentry","vehica_6654-semi-nuevos","vehica_6655-deportivo","vehica_6659-porsche","vehica_6660-911-turbo-s","vehica_6661-awd","vehica_6662-automatica","vehica_6663-gasolina","vehica_12974-6-turbo","vehica_6666-blanco","vehica_12770-2-puertas"],"vehica_6656":{"vehica_currency_6656_2316":369900},"vehica_14696":"2024","vehica_6664":"","vehica_21947":"10800","vehica_6665":"3000","vehica_6671":"","vehica_22153":"","vehica_6673":["https:\/\/obb.do\/inventario\/wp-content\/uploads\/2026\/01\/ISA03423.webp","https:\/\/obb.do\/inventario\/wp-content\/uploads\/2026\/01\/ISA03425.webp","https:\/\/obb.do\/inventario\/wp-content\/uploads\/2026\/01\/ISA03454.webp","https:\/\/obb.do\/inventario\/wp-content\/uploads\/2026\/01\/ISA03432.webp","https:\/\/obb.do\/inventario\/wp-content\/uploads\/2026\/01\/ISA03433.webp","https:\/\/obb.do\/inventario\/wp-content\/uploads\/2026\/01\/ISA03446.webp","https:\/\/obb.do\/inventario\/wp-content\/uploads\/2026\/01\/ISA03447.webp","https:\/\/obb.do\/inventario\/wp-content\/uploads\/2026\/01\/ISA03439.webp","https:\/\/obb.do\/inventario\/wp-content\/uploads\/2026\/01\/ISA03426.webp","https:\/\/obb.do\/inventario\/wp-content\/uploads\/2026\/01\/ISA03440.webp","https:\/\/obb.do\/inventario\/wp-content\/uploads\/2026\/01\/ISA03452.webp"],"vehica_6674":{"url":"","embed":""},"vehica_18820":[],"_links":{"self":[{"href":"https:\/\/obb.do\/inventario\/wp-json\/wp\/v2\/cars\/32335","targetHints":{"allow":["GET"]}}],"collection":[{"href":"https:\/\/obb.do\/inventario\/wp-json\/wp\/v2\/cars"}],"about":[{"href":"https:\/\/obb.do\/inventario\/wp-json\/wp\/v2\/types\/vehica_car"}],"author":[{"embeddable":true,"href":"https:\/\/obb.do\/inventario\/wp-json\/wp\/v2\/users\/85"}],"wp:featuredmedia":[{"embeddable":true,"href":"https:\/\/obb.do\/inventario\/wp-json\/wp\/v2\/media\/32346"}],"wp:attachment":[{"href":"https:\/\/obb.do\/inventario\/wp-json\/wp\/v2\/media?parent=32335"}],"wp:term":[{"taxonomy":"vehica_6654","embeddable":true,"href":"https:\/\/obb.do\/inventario\/wp-json\/wp\/v2\/vehica_6654?post=32335"},{"taxonomy":"vehica_6655","embeddable":true,"href":"https:\/\/obb.do\/inventario\/wp-json\/wp\/v2\/vehica_6655?post=32335"},{"taxonomy":"vehica_6659","embeddable":true,"href":"https:\/\/obb.do\/inventario\/wp-json\/wp\/v2\/vehica_6659?post=32335"},{"taxonomy":"vehica_6660","embeddable":true,"href":"https:\/\/obb.do\/inventario\/wp-json\/wp\/v2\/vehica_6660?post=32335"},{"taxonomy":"vehica_6661","embeddable":true,"href":"https:\/\/obb.do\/inventario\/wp-json\/wp\/v2\/vehica_6661?post=32335"},{"taxonomy":"vehica_6662","embeddable":true,"href":"https:\/\/obb.do\/inventario\/wp-json\/wp\/v2\/vehica_6662?post=32335"},{"taxonomy":"vehica_6663","embeddable":true,"href":"https:\/\/obb.do\/inventario\/wp-json\/wp\/v2\/vehica_6663?post=32335"},{"taxonomy":"vehica_12974","embeddable":true,"href":"https:\/\/obb.do\/inventario\/wp-json\/wp\/v2\/vehica_12974?post=32335"},{"taxonomy":"vehica_6666","embeddable":true,"href":"https:\/\/obb.do\/inventario\/wp-json\/wp\/v2\/vehica_6666?post=32335"},{"taxonomy":"vehica_12770","embeddable":true,"href":"https:\/\/obb.do\/inventario\/wp-json\/wp\/v2\/vehica_12770?post=32335"},{"taxonomy":"vehica_6670","embeddable":true,"href":"https:\/\/obb.do\/inventario\/wp-json\/wp\/v2\/vehica_6670?post=32335"},{"taxonomy":"vehica_12723","embeddable":true,"href":"https:\/\/obb.do\/inventario\/wp-json\/wp\/v2\/vehica_12723?post=32335"}],"curies":[{"name":"wp","href":"https:\/\/api.w.org\/{rel}","templated":true}]}}

<p>Porsche 911 Turbo S 2024 (XPELL FULL CAR &amp; SISTEMA DE ESCAPE MODIFICADO DE FABRICA)</p>
<p>Motor y Tren Motriz</p>
<p>Motor: 3.6 L bóxer de 6 cilindros con dos turbocompresores eléctricos (T-Hybrid)<br />
Potencia máxima: 711 PS (522 kW) (la más alta para un 911 de producción).<br />
Par máximo: 800 Nm<br />
Transmisión: PDK de 8 velocidades con motor eléctrico integrado.<br />
Tracción: Integral Porsche Traction Management (PTM)</p>
<p>Tecnología T-Hybrid</p>
<p>Este sistema combina:</p>
<p>Dos eTurbos (turbocompresores eléctricos).<br />
Batería de alto voltaje ligera de 400 V con 1.9 kWh de capacidad.<br />
Mejora respuesta del turbo y entrega de par desde muy bajas revoluciones.</p>
<p>Prestaciones</p>
<p>Aceleración 0-100 km/h:2.5 s (con Launch Control)</p>
<p>Chasis y Suspensión</p>
<p>Suspensión delantera:** McPherson.<br />
Suspensión trasera: Multibrazo con dirección en el eje trasero.<br />
Frenos: Opcional Porsche Ceramic Composite Brakes (PCCB) con discos grandes y pinzas de múltiples pistones (según equipamiento)</p>
