{"id":31963,"date":"2025-12-02T16:41:14","date_gmt":"2025-12-02T20:41:14","guid":{"rendered":"https:\/\/obb.do\/inventario\/listado\/mercedes-benz-clase-gle-450-amg-suv-2025-2-3\/"},"modified":"2026-01-10T12:24:04","modified_gmt":"2026-01-10T16:24:04","slug":"mercedes-benz-clase-gle-450-amg-suv-2025-2-3","status":"publish","type":"vehica_car","link":"https:\/\/obb.do\/inventario\/listado\/mercedes-benz-clase-gle-450-amg-suv-2025-2-3\/","title":{"rendered":"Mercedes-Benz Clase GLE 450 AMG SUV 2026"},"content":{"rendered":"<p>Mercedes-Benz GLE 450 4MATIC 2025 NUEVO FACELIFT<br \/>\nA\u00f1o: 2025<br \/>\nVersi\u00f3n: AMG Line<br \/>\nMotor: Linea \/ 6 Cilindros<br \/>\nPotencia: 381 CV<br \/>\nColor: Pintura est\u00e1ndar &#8211; Negro<br \/>\nTapicer\u00eda: S\u00edmil de cuero ARTICO &#8211; marr\u00f3n bah\u00eda con negro<br \/>\nAceleraci\u00f3n: 5,6 s<br \/>\nCilindrada: 2.999 cc<br \/>\nTorque: 500\/1800 &#8211; 5000 Nm a rpm<\/p>\n<p>CARACTERISTICAS<br \/>\n-Herramienta para cambio de rueda<br \/>\n-Paquete Advanced Plus<br \/>\n-AMG line exterior<br \/>\n-paquete de retrovisores<br \/>\n-kit de memorias<br \/>\n-alfombrillas de velours<br \/>\n-Apoyo lumbar con 4 v\u00edas de ajuste<br \/>\n-2 conexiones USB en la parte trasera<br \/>\n-Apple CarPlay + 17U<br \/>\n-Control de \u00e1ngulo muerto<br \/>\n-Asistente de frenado activo<br \/>\n-Airbag de rodillas<br \/>\n-Personalizaci\u00f3n del sonido<br \/>\n-Funciones MBUX ampliadas<br \/>\n-Navegaci\u00f3n por disco duro<br \/>\n-Techo corredizo panor\u00e1mico<br \/>\n-9G-TRONIC<br \/>\n-Protecci\u00f3n t\u00e9cnica de bajos<br \/>\n-C\u00e1mara de 360\u00b0<br \/>\n-Elementos de adorno en madera de roble antracita de poros abiertos<br \/>\n-Paquete de aparcamiento con c\u00e1mara de 360\u00b0<br \/>\n-RWA Llantas de aleaci\u00f3n AMG de 53,3 cm (21&#8243;) en dise\u00f1o multirradio<br \/>\nTablero de instrumentos y l\u00ednea de cintura en las puertas en s\u00edmil de cuero ARTICO<br \/>\n-Sistema de frenos con discos de freno de mayores dimensiones en el eje delantero<br \/>\n-Cap\u00f3 transparente Visualizaci\u00f3n del entorno inmediato por delante del veh\u00edculo<br \/>\n-Integraci\u00f3n de smartphone Android<br \/>\n-Auto\u2122 y Apple CarPlay\u2122<br \/>\n-Asiento delantero derecho con ajuste el\u00e9ctrico y funci\u00f3n de memoria<br \/>\n-Funci\u00f3n de advertencia al salir del veh\u00edculo<br \/>\n-asiento del conductor de ajuste el\u00e9ctrico con funci\u00f3n de memoria<br \/>\n-Avisador de p\u00e9rdida de presi\u00f3n de los Neum\u00e1ticos<\/p>\n<p>Garantia: 5 a\u00f1os y\/o 100,000 kms (Lo que ocurra primero) &#8211; 8 a\u00f1os contra<br \/>\ncorrosi\u00f3n de pintura.<\/p>\n","protected":false},"author":85,"featured_media":31954,"template":"","vehica_6654":[2508],"vehica_6655":[2325],"vehica_6659":[2326],"vehica_6660":[2485],"vehica_6661":[2659],"vehica_6662":[2496],"vehica_6663":[2498],"vehica_12974":[2588],"vehica_6666":[2517],"vehica_12770":[2568],"vehica_6670":[2684,2546,2106,2570,2569,2601,2095,2098,2685,2547,2092,2105,2103,2622,2548,2576,2097,2099,2101,2602,2621,2093,2650],"vehica_12723":[2391,2393,2550,2549,2577,2390,2428,2394,2426,2392,2425,2551,2578,2395],"class_list":["post-31963","vehica_car","type-vehica_car","status-publish","has-post-thumbnail","hentry","vehica_6654-nuevos","vehica_6655-suv","vehica_6659-mercedes-benz","vehica_6660-clase-gle","vehica_6661-4wd","vehica_6662-automatica","vehica_6663-gasolina","vehica_12974-6-turbo","vehica_6666-rojo","vehica_12770-5-puertas","vehica_6670-aire-acondicionado-digital","vehica_6670-alarma","vehica_6670-alerta-de-punto-ciego","vehica_6670-android-auto","vehica_6670-apple-carplay","vehica_6670-aros-de-fabrica","vehica_6670-asientos-con-calefaccion","vehica_6670-asientos-de-piel","vehica_6670-asientos-deportivos","vehica_6670-baul-electrico","vehica_6670-bluetooth","vehica_6670-camara-de-360-grados","vehica_6670-control-de-traccion","vehica_6670-cruise-control","vehica_6670-guia-multifuncion","vehica_6670-llave-inteligente","vehica_6670-luces-led","vehica_6670-memoria-de-asiento","vehica_6670-puerto-usb","vehica_6670-radio-am-fm","vehica_6670-radio-multimedia","vehica_6670-sistema-de-sonido","vehica_6670-version-europea","vehica_12723-advertencia-de-colision-frontal","vehica_12723-advertencia-de-punto-ciego","vehica_12723-airbag-pasajero","vehica_12723-airbags-chofer","vehica_12723-airbags-laterales","vehica_12723-asistente-de-freno","vehica_12723-asistente-de-mantenimiento-de-carril","vehica_12723-camara-de-reversa","vehica_12723-camara-de-vista-lateral","vehica_12723-deteccion-de-peatones","vehica_12723-faros-adaptativos","vehica_12723-frenos-abs","vehica_12723-sensores-de-parqueo","vehica_12723-sistemas-de-asistencia-de-parqueo"],"vehica_6656":{"vehica_currency_6656_2316":129900},"vehica_14696":"2026","vehica_6664":"","vehica_21947":"0","vehica_6665":"3000","vehica_6671":"","vehica_22153":"","vehica_6673":["https:\/\/obb.do\/inventario\/wp-content\/uploads\/2025\/12\/ISA06963.webp","https:\/\/obb.do\/inventario\/wp-content\/uploads\/2025\/12\/ISA06966.webp","https:\/\/obb.do\/inventario\/wp-content\/uploads\/2025\/12\/ISA06998.webp","https:\/\/obb.do\/inventario\/wp-content\/uploads\/2025\/12\/ISA06995.webp","https:\/\/obb.do\/inventario\/wp-content\/uploads\/2025\/12\/ISA07030.webp","https:\/\/obb.do\/inventario\/wp-content\/uploads\/2025\/12\/ISA07016.webp","https:\/\/obb.do\/inventario\/wp-content\/uploads\/2025\/12\/ISA07017.webp","https:\/\/obb.do\/inventario\/wp-content\/uploads\/2025\/12\/ISA07019.webp","https:\/\/obb.do\/inventario\/wp-content\/uploads\/2025\/12\/ISA07020.webp","https:\/\/obb.do\/inventario\/wp-content\/uploads\/2025\/12\/ISA07021.webp","https:\/\/obb.do\/inventario\/wp-content\/uploads\/2025\/12\/ISA07025.webp","https:\/\/obb.do\/inventario\/wp-content\/uploads\/2025\/12\/ISA07028.webp"],"vehica_6674":{"url":"","embed":""},"vehica_18820":[],"_links":{"self":[{"href":"https:\/\/obb.do\/inventario\/wp-json\/wp\/v2\/cars\/31963","targetHints":{"allow":["GET"]}}],"collection":[{"href":"https:\/\/obb.do\/inventario\/wp-json\/wp\/v2\/cars"}],"about":[{"href":"https:\/\/obb.do\/inventario\/wp-json\/wp\/v2\/types\/vehica_car"}],"author":[{"embeddable":true,"href":"https:\/\/obb.do\/inventario\/wp-json\/wp\/v2\/users\/85"}],"wp:featuredmedia":[{"embeddable":true,"href":"https:\/\/obb.do\/inventario\/wp-json\/wp\/v2\/media\/31954"}],"wp:attachment":[{"href":"https:\/\/obb.do\/inventario\/wp-json\/wp\/v2\/media?parent=31963"}],"wp:term":[{"taxonomy":"vehica_6654","embeddable":true,"href":"https:\/\/obb.do\/inventario\/wp-json\/wp\/v2\/vehica_6654?post=31963"},{"taxonomy":"vehica_6655","embeddable":true,"href":"https:\/\/obb.do\/inventario\/wp-json\/wp\/v2\/vehica_6655?post=31963"},{"taxonomy":"vehica_6659","embeddable":true,"href":"https:\/\/obb.do\/inventario\/wp-json\/wp\/v2\/vehica_6659?post=31963"},{"taxonomy":"vehica_6660","embeddable":true,"href":"https:\/\/obb.do\/inventario\/wp-json\/wp\/v2\/vehica_6660?post=31963"},{"taxonomy":"vehica_6661","embeddable":true,"href":"https:\/\/obb.do\/inventario\/wp-json\/wp\/v2\/vehica_6661?post=31963"},{"taxonomy":"vehica_6662","embeddable":true,"href":"https:\/\/obb.do\/inventario\/wp-json\/wp\/v2\/vehica_6662?post=31963"},{"taxonomy":"vehica_6663","embeddable":true,"href":"https:\/\/obb.do\/inventario\/wp-json\/wp\/v2\/vehica_6663?post=31963"},{"taxonomy":"vehica_12974","embeddable":true,"href":"https:\/\/obb.do\/inventario\/wp-json\/wp\/v2\/vehica_12974?post=31963"},{"taxonomy":"vehica_6666","embeddable":true,"href":"https:\/\/obb.do\/inventario\/wp-json\/wp\/v2\/vehica_6666?post=31963"},{"taxonomy":"vehica_12770","embeddable":true,"href":"https:\/\/obb.do\/inventario\/wp-json\/wp\/v2\/vehica_12770?post=31963"},{"taxonomy":"vehica_6670","embeddable":true,"href":"https:\/\/obb.do\/inventario\/wp-json\/wp\/v2\/vehica_6670?post=31963"},{"taxonomy":"vehica_12723","embeddable":true,"href":"https:\/\/obb.do\/inventario\/wp-json\/wp\/v2\/vehica_12723?post=31963"}],"curies":[{"name":"wp","href":"https:\/\/api.w.org\/{rel}","templated":true}]}}

<p>Mercedes-Benz GLE 450 4MATIC 2025 NUEVO FACELIFT<br />
Año: 2025<br />
Versión: AMG Line<br />
Motor: Linea / 6 Cilindros<br />
Potencia: 381 CV<br />
Color: Pintura estándar &#8211; Negro<br />
Tapicería: Símil de cuero ARTICO &#8211; marrón bahía con negro<br />
Aceleración: 5,6 s<br />
Cilindrada: 2.999 cc<br />
Torque: 500/1800 &#8211; 5000 Nm a rpm</p>
<p>CARACTERISTICAS<br />
-Herramienta para cambio de rueda<br />
-Paquete Advanced Plus<br />
-AMG line exterior<br />
-paquete de retrovisores<br />
-kit de memorias<br />
-alfombrillas de velours<br />
-Apoyo lumbar con 4 vías de ajuste<br />
-2 conexiones USB en la parte trasera<br />
-Apple CarPlay + 17U<br />
-Control de ángulo muerto<br />
-Asistente de frenado activo<br />
-Airbag de rodillas<br />
-Personalización del sonido<br />
-Funciones MBUX ampliadas<br />
-Navegación por disco duro<br />
-Techo corredizo panorámico<br />
-9G-TRONIC<br />
-Protección técnica de bajos<br />
-Cámara de 360°<br />
-Elementos de adorno en madera de roble antracita de poros abiertos<br />
-Paquete de aparcamiento con cámara de 360°<br />
-RWA Llantas de aleación AMG de 53,3 cm (21&#8243;) en diseño multirradio<br />
Tablero de instrumentos y línea de cintura en las puertas en símil de cuero ARTICO<br />
-Sistema de frenos con discos de freno de mayores dimensiones en el eje delantero<br />
-Capó transparente Visualización del entorno inmediato por delante del vehículo<br />
-Integración de smartphone Android<br />
-Auto™ y Apple CarPlay™<br />
-Asiento delantero derecho con ajuste eléctrico y función de memoria<br />
-Función de advertencia al salir del vehículo<br />
-asiento del conductor de ajuste eléctrico con función de memoria<br />
-Avisador de pérdida de presión de los Neumáticos</p>
<p>Garantia: 5 años y/o 100,000 kms (Lo que ocurra primero) &#8211; 8 años contra<br />
corrosión de pintura.</p>
