{"id":31170,"date":"2025-09-15T11:30:53","date_gmt":"2025-09-15T15:30:53","guid":{"rendered":"https:\/\/obb.do\/inventario\/listado\/mercedes-benz-clase-gls-63-amg-2022\/"},"modified":"2025-09-15T11:34:39","modified_gmt":"2025-09-15T15:34:39","slug":"mercedes-benz-clase-gls-63-amg-2022","status":"publish","type":"vehica_car","link":"https:\/\/obb.do\/inventario\/listado\/mercedes-benz-clase-gls-63-amg-2022\/","title":{"rendered":"Mercedes-Benz Clase GLS 63 AMG 2026"},"content":{"rendered":"<p>Mercedes-Benz Clase GLS 63 4Matic AMG PLUS 2026<\/p>\n<p>*Datos t\u00e9cnicos:<\/p>\n<p>-L\u00ednea: AMG PLUS<br \/>\n-A\u00f1o: 2023<br \/>\n-Motor: 8 CILINDROS<br \/>\n-Cilindrada: 3,982 cm\u00b3 \/ V8<br \/>\n-Potencia: 612 CV<br \/>\n-Torque: 2.250 rpm<\/p>\n<p>*Equipamiento Exterior<\/p>\n<p>-Neum\u00e1ticos de verano<br \/>\n-Equipo de escape doble flujo<br \/>\n-Llantas forjadas AMG 23\u201d multirradio<br \/>\n-Funci\u00f3n AMG Speedshift TCT 9G<br \/>\n-Diferencial autoblocante AMG AMG ACTIVE RIDE CONTROL<br \/>\n-AIRMATIC<br \/>\n-Tren de rodaje con sistema de amortiguaci\u00f3n adaptativo<br \/>\n-Luces de Carretera autom\u00e1ticas Plus<br \/>\n-Port\u00f3n trasero el\u00e9ctrico EASY-PACK<br \/>\n-Retrovisores interior y exterior antideslumbrante<br \/>\n-Retrovisores exteriores abatibles el\u00e9ctricos<br \/>\n-Iluminaci\u00f3n del entorno del veh\u00edculo con proyecci\u00f3n de logotipo<br \/>\n-Techo Panor\u00e1mico<br \/>\n-Estribos de aluminio<br \/>\n-Kit est\u00e9tico AMG<br \/>\n-Lavaparabrisas calefactado<br \/>\n-Servocierre<\/p>\n<p>*Equipamiento Interior<\/p>\n<p>-Conoce \u201cHola Mercedes\u201d o \u201cHey Mercedes\u201d para que te comuniques de forma directa con el veh\u00edculo con el nuevo sistema MBUX<br \/>\n-Sistema y Funciones ampliadas de MBUX reconocimiento voz (linguatronic) y Pantalla t\u00e1ctil<br \/>\n-Napa AMG Marron Tartufo<br \/>\n-Volante AMG Performance en napa<br \/>\n-Integraci\u00f3n de Smartphone Apple Carplay &amp; Android Auto<br \/>\n-Navegaci\u00f3n por disco duro<br \/>\n-Asientos multicontorno para el conductor y el acompa\u00f1ante<br \/>\n-Asientos climatizados para conductor y acompa\u00f1ante<br \/>\n-Techo interior en tela negro<br \/>\n-Climatizaci\u00f3n autom\u00e1tica THERMOTRONIC<br \/>\n-Cubierta del compartimiento de carga EASY-PACK<br \/>\n-Sistema de sonido Surround Burmester<br \/>\n-3era. Fila de asientos<br \/>\n-Preequipo para entretenimiento y confort<br \/>\n-Puesto de conducci\u00f3n con pantalla ancha Asientos calefactados<br \/>\n-Iluminaci\u00f3n de ambiente con 64 colores<br \/>\n-Sistema inal\u00e1mbrico de carga para dispositivos m\u00f3viles<br \/>\n-Paquete de confort KEYLESS GO<br \/>\n-Paquete de confort para las plazas traseras<br \/>\n-Tablet para las plazas traseras MBUX<br \/>\n-Kit de memorias<br \/>\n-Persianas el\u00e9ctricas en las puertas traseras<\/p>\n<p>*Seguridad<\/p>\n<p>-Control de \u00e1ngulo muerto<br \/>\n-Funci\u00f3n de advertencia de salida<br \/>\n-Sistema de 9 airbags incluyendo el de rodilla<br \/>\nSistema de frenos de alto rendimiento AMG con discos de material compuesto<br \/>\nDesconexi\u00f3n autom\u00e1tica del airbag del acompa\u00f1ante cuando no est\u00e1 presente<br \/>\nPaquete de aparcamiento con c\u00e1mara 360<\/p>\n<p>&nbsp;<\/p>\n","protected":false},"author":85,"featured_media":31175,"template":"","vehica_6654":[2508],"vehica_6655":[2325],"vehica_6659":[2326],"vehica_6660":[2486],"vehica_6661":[2495],"vehica_6662":[2496],"vehica_6663":[2498],"vehica_12974":[2404],"vehica_6666":[2500],"vehica_12770":[2507],"vehica_6670":[],"vehica_12723":[],"class_list":["post-31170","vehica_car","type-vehica_car","status-publish","has-post-thumbnail","hentry","vehica_6654-nuevos","vehica_6655-suv","vehica_6659-mercedes-benz","vehica_6660-clase-gls","vehica_6661-awd","vehica_6662-automatica","vehica_6663-gasolina","vehica_12974-2404","vehica_6666-negro","vehica_12770-4-puertas"],"vehica_6656":{"vehica_currency_6656_2316":279900},"vehica_14696":"2026","vehica_6664":"","vehica_21947":"0","vehica_6665":"4000","vehica_6671":"","vehica_22153":"","vehica_6673":["https:\/\/obb.do\/inventario\/wp-content\/uploads\/2025\/09\/ISA00393.webp","https:\/\/obb.do\/inventario\/wp-content\/uploads\/2025\/09\/ISA00434.webp","https:\/\/obb.do\/inventario\/wp-content\/uploads\/2025\/09\/ISA00420.webp","https:\/\/obb.do\/inventario\/wp-content\/uploads\/2025\/09\/ISA00421.webp","https:\/\/obb.do\/inventario\/wp-content\/uploads\/2025\/09\/ISA00426.webp","https:\/\/obb.do\/inventario\/wp-content\/uploads\/2025\/09\/ISA00395.webp","https:\/\/obb.do\/inventario\/wp-content\/uploads\/2025\/09\/ISA00400.webp","https:\/\/obb.do\/inventario\/wp-content\/uploads\/2025\/09\/ISA00405.webp","https:\/\/obb.do\/inventario\/wp-content\/uploads\/2025\/09\/ISA00411.webp","https:\/\/obb.do\/inventario\/wp-content\/uploads\/2025\/09\/ISA00415.webp"],"vehica_6674":{"url":"","embed":""},"vehica_18820":[],"_links":{"self":[{"href":"https:\/\/obb.do\/inventario\/wp-json\/wp\/v2\/cars\/31170","targetHints":{"allow":["GET"]}}],"collection":[{"href":"https:\/\/obb.do\/inventario\/wp-json\/wp\/v2\/cars"}],"about":[{"href":"https:\/\/obb.do\/inventario\/wp-json\/wp\/v2\/types\/vehica_car"}],"author":[{"embeddable":true,"href":"https:\/\/obb.do\/inventario\/wp-json\/wp\/v2\/users\/85"}],"wp:featuredmedia":[{"embeddable":true,"href":"https:\/\/obb.do\/inventario\/wp-json\/wp\/v2\/media\/31175"}],"wp:attachment":[{"href":"https:\/\/obb.do\/inventario\/wp-json\/wp\/v2\/media?parent=31170"}],"wp:term":[{"taxonomy":"vehica_6654","embeddable":true,"href":"https:\/\/obb.do\/inventario\/wp-json\/wp\/v2\/vehica_6654?post=31170"},{"taxonomy":"vehica_6655","embeddable":true,"href":"https:\/\/obb.do\/inventario\/wp-json\/wp\/v2\/vehica_6655?post=31170"},{"taxonomy":"vehica_6659","embeddable":true,"href":"https:\/\/obb.do\/inventario\/wp-json\/wp\/v2\/vehica_6659?post=31170"},{"taxonomy":"vehica_6660","embeddable":true,"href":"https:\/\/obb.do\/inventario\/wp-json\/wp\/v2\/vehica_6660?post=31170"},{"taxonomy":"vehica_6661","embeddable":true,"href":"https:\/\/obb.do\/inventario\/wp-json\/wp\/v2\/vehica_6661?post=31170"},{"taxonomy":"vehica_6662","embeddable":true,"href":"https:\/\/obb.do\/inventario\/wp-json\/wp\/v2\/vehica_6662?post=31170"},{"taxonomy":"vehica_6663","embeddable":true,"href":"https:\/\/obb.do\/inventario\/wp-json\/wp\/v2\/vehica_6663?post=31170"},{"taxonomy":"vehica_12974","embeddable":true,"href":"https:\/\/obb.do\/inventario\/wp-json\/wp\/v2\/vehica_12974?post=31170"},{"taxonomy":"vehica_6666","embeddable":true,"href":"https:\/\/obb.do\/inventario\/wp-json\/wp\/v2\/vehica_6666?post=31170"},{"taxonomy":"vehica_12770","embeddable":true,"href":"https:\/\/obb.do\/inventario\/wp-json\/wp\/v2\/vehica_12770?post=31170"},{"taxonomy":"vehica_6670","embeddable":true,"href":"https:\/\/obb.do\/inventario\/wp-json\/wp\/v2\/vehica_6670?post=31170"},{"taxonomy":"vehica_12723","embeddable":true,"href":"https:\/\/obb.do\/inventario\/wp-json\/wp\/v2\/vehica_12723?post=31170"}],"curies":[{"name":"wp","href":"https:\/\/api.w.org\/{rel}","templated":true}]}}

<p>Mercedes-Benz Clase GLS 63 4Matic AMG PLUS 2026</p>
<p>*Datos técnicos:</p>
<p>-Línea: AMG PLUS<br />
-Año: 2023<br />
-Motor: 8 CILINDROS<br />
-Cilindrada: 3,982 cm³ / V8<br />
-Potencia: 612 CV<br />
-Torque: 2.250 rpm</p>
<p>*Equipamiento Exterior</p>
<p>-Neumáticos de verano<br />
-Equipo de escape doble flujo<br />
-Llantas forjadas AMG 23” multirradio<br />
-Función AMG Speedshift TCT 9G<br />
-Diferencial autoblocante AMG AMG ACTIVE RIDE CONTROL<br />
-AIRMATIC<br />
-Tren de rodaje con sistema de amortiguación adaptativo<br />
-Luces de Carretera automáticas Plus<br />
-Portón trasero eléctrico EASY-PACK<br />
-Retrovisores interior y exterior antideslumbrante<br />
-Retrovisores exteriores abatibles eléctricos<br />
-Iluminación del entorno del vehículo con proyección de logotipo<br />
-Techo Panorámico<br />
-Estribos de aluminio<br />
-Kit estético AMG<br />
-Lavaparabrisas calefactado<br />
-Servocierre</p>
<p>*Equipamiento Interior</p>
<p>-Conoce “Hola Mercedes” o “Hey Mercedes” para que te comuniques de forma directa con el vehículo con el nuevo sistema MBUX<br />
-Sistema y Funciones ampliadas de MBUX reconocimiento voz (linguatronic) y Pantalla táctil<br />
-Napa AMG Marron Tartufo<br />
-Volante AMG Performance en napa<br />
-Integración de Smartphone Apple Carplay &amp; Android Auto<br />
-Navegación por disco duro<br />
-Asientos multicontorno para el conductor y el acompañante<br />
-Asientos climatizados para conductor y acompañante<br />
-Techo interior en tela negro<br />
-Climatización automática THERMOTRONIC<br />
-Cubierta del compartimiento de carga EASY-PACK<br />
-Sistema de sonido Surround Burmester<br />
-3era. Fila de asientos<br />
-Preequipo para entretenimiento y confort<br />
-Puesto de conducción con pantalla ancha Asientos calefactados<br />
-Iluminación de ambiente con 64 colores<br />
-Sistema inalámbrico de carga para dispositivos móviles<br />
-Paquete de confort KEYLESS GO<br />
-Paquete de confort para las plazas traseras<br />
-Tablet para las plazas traseras MBUX<br />
-Kit de memorias<br />
-Persianas eléctricas en las puertas traseras</p>
<p>*Seguridad</p>
<p>-Control de ángulo muerto<br />
-Función de advertencia de salida<br />
-Sistema de 9 airbags incluyendo el de rodilla<br />
Sistema de frenos de alto rendimiento AMG con discos de material compuesto<br />
Desconexión automática del airbag del acompañante cuando no está presente<br />
Paquete de aparcamiento con cámara 360</p>
<p>&nbsp;</p>
