{"id":30921,"date":"2025-08-21T16:11:00","date_gmt":"2025-08-21T20:11:00","guid":{"rendered":"https:\/\/obb.do\/inventario\/listado\/mercedes-benz-clase-gls-450-4matic-amg-2023-3\/"},"modified":"2026-01-10T15:15:08","modified_gmt":"2026-01-10T19:15:08","slug":"mercedes-benz-clase-gls-450-4matic-amg-2023-3","status":"publish","type":"vehica_car","link":"https:\/\/obb.do\/inventario\/listado\/mercedes-benz-clase-gls-450-4matic-amg-2023-3\/","title":{"rendered":"Mercedes-Benz Clase GLS 450 4MATIC AMG 2026"},"content":{"rendered":"<p>Mercedes-Benz GLS 450\u00a0 4MATIC 2024<br \/>\nA\u00f1o: 2024<br \/>\nVersi\u00f3n: AMG Motor: 2999 \/ 6 Cilindros<br \/>\nPotencia: 367 CV<br \/>\nColor: Gris<br \/>\nTapicer\u00eda: Cuero ARTICO negro<br \/>\nAceleraci\u00f3n: 5.7 s<br \/>\nCilindrada: 2,999 cm\u00b3<br \/>\nTorque: 500\/1.600 &#8211; 4.500 Nm a rpm<\/p>\n<p>INTERIOR<br \/>\n111A S\u00edmil cuero ARTICO negro<br \/>\nH22 Elementos de adorno de madera de ra\u00edz nogal marron de<br \/>\nporos abiertos<br \/>\nL3D Volante multifunci\u00f3n de madera y cuero<br \/>\nP08 Paquete de Confort en plazas traseras<br \/>\nP11 Paquete de Confort en plazas traseras plus<br \/>\nP64 Paquete de memorias<br \/>\nU09 Tablero de instrumentos y l\u00ednea de cintura en las puertas<br \/>\nen cuero ARTICO<br \/>\nU22 Apoyo lumbar con 4 v\u00edas de ajuste<br \/>\n14U Integraci\u00f3n de smartphone<br \/>\n16U Apple CarPlay<br \/>\n17U Android Auto<br \/>\n226 5 + 2 plazas<br \/>\n270 Antena para GPS<br \/>\n297 Persianas el\u00e9ctricas en las puertas traseras<br \/>\n307 Portavasos climatizado en la parte trasera<br \/>\n311 Portavasos climatizados<br \/>\n355 Sistema y Funciones ampliadas de MBUX con<br \/>\nreconocimiento de voz (linguatronic)<br \/>\n365 Navegaci\u00f3n por Disco Duro<br \/>\n401 Asientos climatizados para conductor y acompa\u00f1ante<br \/>\n447 Tablet para las plazas traseras MBUX<br \/>\n51U Techo interior de tela en color negro<br \/>\n543 Parasol doble<br \/>\n548 Sistema multimedia MBUX y pantalla t\u00e1ctil<br \/>\n581 Climatizaci\u00f3n autom\u00e1tica THERMOTRONIC<br \/>\n72B Interfaces USB adicionales<br \/>\n723 Cubierta del compartimiento de carga EASY PACK<br \/>\n810 Sistema de sonido surround Burmester<br \/>\n845 3ra. fila de asientos para 2 personas<br \/>\n868 Puesto de conducci\u00f3n con pantalla ancha<br \/>\n876 Iluminaci\u00f3n ambiente<br \/>\n897 Sistema inal\u00e1mbrico de carga para dispositivos m\u00f3viles<\/p>\n<p>EXTERIOR<br \/>\n040U Negro<br \/>\nB01 EQ Boost<br \/>\nB67 Llave de contacto del veh\u00edculo en negro de alto brillo con marco de adorno cromado a alto brillo<br \/>\nP17 Paquete de confort KEYLESS-GO<br \/>\nP31 AMG Line Exterior<br \/>\nP49 Paquete de Retrovisores<br \/>\nRPA Llantas de aleaci\u00f3n AMG de 55,9 cm (22&#8243;) en dise\u00f1o multirradio<br \/>\n413 Techo corredizo Panor\u00e1mico<br \/>\n421 9G-TRONIC<br \/>\n481 Protecci\u00f3n t\u00e9cnica de bajos<br \/>\n489 Paquete AIRMATIC<br \/>\n628 Luces de carretera autom\u00e1ticas Plus<br \/>\n642 MULTIBEAM LED<br \/>\n668 Embalaje veh\u00edculo destinado para el env\u00edo con argollas para} transporte<br \/>\n846 Estribos en efecto aluminio con tacos de goma<br \/>\n883 Servocierre<br \/>\n890 Port\u00f3n trasero EASY PACK<\/p>\n<p>SEGURIDAD<br \/>\nB12 Herramienta para cambio de rueda<br \/>\nP47 Paquete de aparcamiento con c\u00e1mara 360<br \/>\nU10 Desconexi\u00f3n autom\u00e1tica del airbag del acompa\u00f1ante<br \/>\n234 Control de \u00e1ngulo muerto<br \/>\n258 Frenado de emergencia activo<br \/>\n293 Airbag laterales traseros US$840<br \/>\n294 Sistema de 9 airbags incluyendo el de rodilla<br \/>\n477 Avisador de p\u00e9rdida de presi\u00f3n en los neum\u00e1ticos<br \/>\n669 Rueda plegable<\/p>\n<p>Garantia: 5 a\u00f1os y\/o 100,000 kms (Lo<br \/>\nque ocurra primero) &#8211; 8 a\u00f1os contra<br \/>\ncorrosi\u00f3n de pintura<\/p>\n","protected":false},"author":85,"featured_media":0,"template":"","vehica_6654":[2508],"vehica_6655":[2325],"vehica_6659":[2326],"vehica_6660":[2486],"vehica_6661":[2495],"vehica_6662":[2496],"vehica_6663":[2513],"vehica_12974":[2403],"vehica_6666":[2500],"vehica_12770":[2568],"vehica_6670":[2102,2546,2106,2570,2569,2601,2096,2095,2094,2098,2575,2547,2092,2571,2105,2104,2103,2622,2548,2576,2097,2099,2572,2101,2602,2621,2100,2093,2623,2574,2579,2573],"vehica_12723":[2391,2393,2550,2549,2577,2427,2390,2428,2394,2426,2392,2425,2551,2578,2395],"class_list":["post-30921","vehica_car","type-vehica_car","status-publish","hentry","vehica_6654-nuevos","vehica_6655-suv","vehica_6659-mercedes-benz","vehica_6660-clase-gls","vehica_6661-awd","vehica_6662-automatica","vehica_6663-semihibrido","vehica_12974-2403","vehica_6666-negro","vehica_12770-5-puertas","vehica_6670-airbags-laterales","vehica_6670-alarma","vehica_6670-alerta-de-punto-ciego","vehica_6670-android-auto","vehica_6670-apple-carplay","vehica_6670-aros-de-fabrica","vehica_6670-arranque-sin-llave","vehica_6670-asientos-con-calefaccion","vehica_6670-asientos-con-enfriamiento","vehica_6670-asientos-de-piel","vehica_6670-asientos-electricos","vehica_6670-baul-electrico","vehica_6670-bluetooth","vehica_6670-calefaccion","vehica_6670-camara-de-360-grados","vehica_6670-camara-de-reversa","vehica_6670-control-de-traccion","vehica_6670-cruise-control","vehica_6670-guia-multifuncion","vehica_6670-llave-inteligente","vehica_6670-luces-led","vehica_6670-memoria-de-asiento","vehica_6670-pintura-de-fabrica","vehica_6670-puerto-usb","vehica_6670-radio-am-fm","vehica_6670-radio-multimedia","vehica_6670-sistema-de-navegacion","vehica_6670-sistema-de-sonido","vehica_6670-sun-roof","vehica_6670-techo-panoramico","vehica_6670-turbo","vehica_6670-vidrios-electricos","vehica_12723-advertencia-de-colision-frontal","vehica_12723-advertencia-de-punto-ciego","vehica_12723-airbag-pasajero","vehica_12723-airbags-chofer","vehica_12723-airbags-laterales","vehica_12723-apoya-cabezas-activos","vehica_12723-asistente-de-freno","vehica_12723-asistente-de-mantenimiento-de-carril","vehica_12723-camara-de-reversa","vehica_12723-camara-de-vista-lateral","vehica_12723-deteccion-de-peatones","vehica_12723-faros-adaptativos","vehica_12723-frenos-abs","vehica_12723-sensores-de-parqueo","vehica_12723-sistemas-de-asistencia-de-parqueo"],"vehica_6656":{"vehica_currency_6656_2316":155000},"vehica_14696":"2026","vehica_6664":"0","vehica_21947":"15000","vehica_6665":"3000","vehica_6671":"","vehica_22153":"","vehica_6673":["https:\/\/obb.do\/inventario\/wp-content\/uploads\/2025\/08\/ISA01223.webp","https:\/\/obb.do\/inventario\/wp-content\/uploads\/2025\/08\/ISA01226.webp","https:\/\/obb.do\/inventario\/wp-content\/uploads\/2025\/08\/ISA01205.webp","https:\/\/obb.do\/inventario\/wp-content\/uploads\/2025\/08\/ISA01208.webp","https:\/\/obb.do\/inventario\/wp-content\/uploads\/2025\/08\/ISA01219.webp","https:\/\/obb.do\/inventario\/wp-content\/uploads\/2025\/08\/ISA01234.webp","https:\/\/obb.do\/inventario\/wp-content\/uploads\/2025\/08\/ISA01235.webp","https:\/\/obb.do\/inventario\/wp-content\/uploads\/2025\/08\/ISA01214.webp","https:\/\/obb.do\/inventario\/wp-content\/uploads\/2025\/08\/ISA01218.webp","https:\/\/obb.do\/inventario\/wp-content\/uploads\/2025\/08\/ISA01215.webp","https:\/\/obb.do\/inventario\/wp-content\/uploads\/2025\/08\/ISA01209.webp"],"vehica_6674":{"url":"","embed":""},"vehica_18820":[],"_links":{"self":[{"href":"https:\/\/obb.do\/inventario\/wp-json\/wp\/v2\/cars\/30921","targetHints":{"allow":["GET"]}}],"collection":[{"href":"https:\/\/obb.do\/inventario\/wp-json\/wp\/v2\/cars"}],"about":[{"href":"https:\/\/obb.do\/inventario\/wp-json\/wp\/v2\/types\/vehica_car"}],"author":[{"embeddable":true,"href":"https:\/\/obb.do\/inventario\/wp-json\/wp\/v2\/users\/85"}],"wp:attachment":[{"href":"https:\/\/obb.do\/inventario\/wp-json\/wp\/v2\/media?parent=30921"}],"wp:term":[{"taxonomy":"vehica_6654","embeddable":true,"href":"https:\/\/obb.do\/inventario\/wp-json\/wp\/v2\/vehica_6654?post=30921"},{"taxonomy":"vehica_6655","embeddable":true,"href":"https:\/\/obb.do\/inventario\/wp-json\/wp\/v2\/vehica_6655?post=30921"},{"taxonomy":"vehica_6659","embeddable":true,"href":"https:\/\/obb.do\/inventario\/wp-json\/wp\/v2\/vehica_6659?post=30921"},{"taxonomy":"vehica_6660","embeddable":true,"href":"https:\/\/obb.do\/inventario\/wp-json\/wp\/v2\/vehica_6660?post=30921"},{"taxonomy":"vehica_6661","embeddable":true,"href":"https:\/\/obb.do\/inventario\/wp-json\/wp\/v2\/vehica_6661?post=30921"},{"taxonomy":"vehica_6662","embeddable":true,"href":"https:\/\/obb.do\/inventario\/wp-json\/wp\/v2\/vehica_6662?post=30921"},{"taxonomy":"vehica_6663","embeddable":true,"href":"https:\/\/obb.do\/inventario\/wp-json\/wp\/v2\/vehica_6663?post=30921"},{"taxonomy":"vehica_12974","embeddable":true,"href":"https:\/\/obb.do\/inventario\/wp-json\/wp\/v2\/vehica_12974?post=30921"},{"taxonomy":"vehica_6666","embeddable":true,"href":"https:\/\/obb.do\/inventario\/wp-json\/wp\/v2\/vehica_6666?post=30921"},{"taxonomy":"vehica_12770","embeddable":true,"href":"https:\/\/obb.do\/inventario\/wp-json\/wp\/v2\/vehica_12770?post=30921"},{"taxonomy":"vehica_6670","embeddable":true,"href":"https:\/\/obb.do\/inventario\/wp-json\/wp\/v2\/vehica_6670?post=30921"},{"taxonomy":"vehica_12723","embeddable":true,"href":"https:\/\/obb.do\/inventario\/wp-json\/wp\/v2\/vehica_12723?post=30921"}],"curies":[{"name":"wp","href":"https:\/\/api.w.org\/{rel}","templated":true}]}}

<p>Mercedes-Benz GLS 450  4MATIC 2024<br />
Año: 2024<br />
Versión: AMG Motor: 2999 / 6 Cilindros<br />
Potencia: 367 CV<br />
Color: Gris<br />
Tapicería: Cuero ARTICO negro<br />
Aceleración: 5.7 s<br />
Cilindrada: 2,999 cm³<br />
Torque: 500/1.600 &#8211; 4.500 Nm a rpm</p>
<p>INTERIOR<br />
111A Símil cuero ARTICO negro<br />
H22 Elementos de adorno de madera de raíz nogal marron de<br />
poros abiertos<br />
L3D Volante multifunción de madera y cuero<br />
P08 Paquete de Confort en plazas traseras<br />
P11 Paquete de Confort en plazas traseras plus<br />
P64 Paquete de memorias<br />
U09 Tablero de instrumentos y línea de cintura en las puertas<br />
en cuero ARTICO<br />
U22 Apoyo lumbar con 4 vías de ajuste<br />
14U Integración de smartphone<br />
16U Apple CarPlay<br />
17U Android Auto<br />
226 5 + 2 plazas<br />
270 Antena para GPS<br />
297 Persianas eléctricas en las puertas traseras<br />
307 Portavasos climatizado en la parte trasera<br />
311 Portavasos climatizados<br />
355 Sistema y Funciones ampliadas de MBUX con<br />
reconocimiento de voz (linguatronic)<br />
365 Navegación por Disco Duro<br />
401 Asientos climatizados para conductor y acompañante<br />
447 Tablet para las plazas traseras MBUX<br />
51U Techo interior de tela en color negro<br />
543 Parasol doble<br />
548 Sistema multimedia MBUX y pantalla táctil<br />
581 Climatización automática THERMOTRONIC<br />
72B Interfaces USB adicionales<br />
723 Cubierta del compartimiento de carga EASY PACK<br />
810 Sistema de sonido surround Burmester<br />
845 3ra. fila de asientos para 2 personas<br />
868 Puesto de conducción con pantalla ancha<br />
876 Iluminación ambiente<br />
897 Sistema inalámbrico de carga para dispositivos móviles</p>
<p>EXTERIOR<br />
040U Negro<br />
B01 EQ Boost<br />
B67 Llave de contacto del vehículo en negro de alto brillo con marco de adorno cromado a alto brillo<br />
P17 Paquete de confort KEYLESS-GO<br />
P31 AMG Line Exterior<br />
P49 Paquete de Retrovisores<br />
RPA Llantas de aleación AMG de 55,9 cm (22&#8243;) en diseño multirradio<br />
413 Techo corredizo Panorámico<br />
421 9G-TRONIC<br />
481 Protección técnica de bajos<br />
489 Paquete AIRMATIC<br />
628 Luces de carretera automáticas Plus<br />
642 MULTIBEAM LED<br />
668 Embalaje vehículo destinado para el envío con argollas para} transporte<br />
846 Estribos en efecto aluminio con tacos de goma<br />
883 Servocierre<br />
890 Portón trasero EASY PACK</p>
<p>SEGURIDAD<br />
B12 Herramienta para cambio de rueda<br />
P47 Paquete de aparcamiento con cámara 360<br />
U10 Desconexión automática del airbag del acompañante<br />
234 Control de ángulo muerto<br />
258 Frenado de emergencia activo<br />
293 Airbag laterales traseros US$840<br />
294 Sistema de 9 airbags incluyendo el de rodilla<br />
477 Avisador de pérdida de presión en los neumáticos<br />
669 Rueda plegable</p>
<p>Garantia: 5 años y/o 100,000 kms (Lo<br />
que ocurra primero) &#8211; 8 años contra<br />
corrosión de pintura</p>
