{"id":30204,"date":"2025-06-26T10:01:57","date_gmt":"2025-06-26T14:01:57","guid":{"rendered":"https:\/\/obb.do\/inventario\/listado\/porsche-911-carrera-4-s-2020\/"},"modified":"2026-01-10T14:20:34","modified_gmt":"2026-01-10T18:20:34","slug":"porsche-911-carrera-4-s-2020","status":"publish","type":"vehica_car","link":"https:\/\/obb.do\/inventario\/listado\/porsche-911-carrera-4-s-2020\/","title":{"rendered":"Porsche 911 Carrera 2025"},"content":{"rendered":"<p><strong>PORSCHE 911 CARRERA 2025<\/strong><\/p>\n<p>*Motor y Transmisi\u00f3n<\/p>\n<p>-Motor: 3.0 L b\u00f3xer biturbo de 6 cilindros<br \/>\n-Potencia: 388 hp (290?kW) a 6500rpm<br \/>\n-Par motor: 331 lb-ft (450?Nm)<br \/>\n-Transmisi\u00f3n: PDK de 8 velocidades (doble embrague), solo autom\u00e1tica<\/p>\n<p>*Rendimiento<\/p>\n<p>-0-60 mph: 3.9s (3.7?s con paquete Sport Chrono)<br \/>\n-Velocidad m\u00e1xima: 183 mph (295km\/h)<\/p>\n<p>*Chasis y Suspensi\u00f3n<\/p>\n<p>-Suspensi\u00f3n: Independiente en las 4 ruedas, con PASM (adaptativa)<br \/>\n-Direcci\u00f3n: Pi\u00f1\u00f3n-cremallera, asistencia el\u00e9ctrica, opcional rear-axle steering en versiones superiores<br \/>\n-Frenos: ABS, control de tracci\u00f3n, diferencial trasero de deslizamiento limitado<\/p>\n<p>*Interior y tecnolog\u00eda<\/p>\n<p>-Pantalla PCM central: 10.9 con navegaci\u00f3n y Apple CarPlay inal\u00e1mbrico<br \/>\n-Cuadro de instrumentos: Totalmente digital, con tac\u00f3metro central<br \/>\n-Asistencias: Lane Keep Assist, ParkAssist delantero y trasero, c\u00e1mara trasera<\/p>\n<p>*Seguridad<\/p>\n<p>-Bolsas de aire: frontales, laterales, de cortina, sensor de ocupante<br \/>\n-Control de estabilidad (PSM) y m\u00faltiples sistemas electr\u00f3nicos de apoyo<\/p>\n","protected":false},"author":85,"featured_media":0,"template":"","vehica_6654":[2508],"vehica_6655":[2607],"vehica_6659":[2321],"vehica_6660":[2700],"vehica_6661":[2076],"vehica_6662":[2496],"vehica_6663":[2498],"vehica_12974":[2588],"vehica_6666":[2499],"vehica_12770":[2506],"vehica_6670":[],"vehica_12723":[],"class_list":["post-30204","vehica_car","type-vehica_car","status-publish","hentry","vehica_6654-nuevos","vehica_6655-deportivo","vehica_6659-porsche","vehica_6660-911-carrera","vehica_6661-traccion-trasera","vehica_6662-automatica","vehica_6663-gasolina","vehica_12974-6-turbo","vehica_6666-gris","vehica_12770-2-puertas"],"vehica_6656":{"vehica_currency_6656_2316":239000},"vehica_14696":"2025","vehica_6664":"","vehica_21947":"0","vehica_6665":"3000","vehica_6671":"","vehica_22153":"","vehica_6673":[],"vehica_6674":{"url":"","embed":""},"vehica_18820":[],"_links":{"self":[{"href":"https:\/\/obb.do\/inventario\/wp-json\/wp\/v2\/cars\/30204","targetHints":{"allow":["GET"]}}],"collection":[{"href":"https:\/\/obb.do\/inventario\/wp-json\/wp\/v2\/cars"}],"about":[{"href":"https:\/\/obb.do\/inventario\/wp-json\/wp\/v2\/types\/vehica_car"}],"author":[{"embeddable":true,"href":"https:\/\/obb.do\/inventario\/wp-json\/wp\/v2\/users\/85"}],"wp:attachment":[{"href":"https:\/\/obb.do\/inventario\/wp-json\/wp\/v2\/media?parent=30204"}],"wp:term":[{"taxonomy":"vehica_6654","embeddable":true,"href":"https:\/\/obb.do\/inventario\/wp-json\/wp\/v2\/vehica_6654?post=30204"},{"taxonomy":"vehica_6655","embeddable":true,"href":"https:\/\/obb.do\/inventario\/wp-json\/wp\/v2\/vehica_6655?post=30204"},{"taxonomy":"vehica_6659","embeddable":true,"href":"https:\/\/obb.do\/inventario\/wp-json\/wp\/v2\/vehica_6659?post=30204"},{"taxonomy":"vehica_6660","embeddable":true,"href":"https:\/\/obb.do\/inventario\/wp-json\/wp\/v2\/vehica_6660?post=30204"},{"taxonomy":"vehica_6661","embeddable":true,"href":"https:\/\/obb.do\/inventario\/wp-json\/wp\/v2\/vehica_6661?post=30204"},{"taxonomy":"vehica_6662","embeddable":true,"href":"https:\/\/obb.do\/inventario\/wp-json\/wp\/v2\/vehica_6662?post=30204"},{"taxonomy":"vehica_6663","embeddable":true,"href":"https:\/\/obb.do\/inventario\/wp-json\/wp\/v2\/vehica_6663?post=30204"},{"taxonomy":"vehica_12974","embeddable":true,"href":"https:\/\/obb.do\/inventario\/wp-json\/wp\/v2\/vehica_12974?post=30204"},{"taxonomy":"vehica_6666","embeddable":true,"href":"https:\/\/obb.do\/inventario\/wp-json\/wp\/v2\/vehica_6666?post=30204"},{"taxonomy":"vehica_12770","embeddable":true,"href":"https:\/\/obb.do\/inventario\/wp-json\/wp\/v2\/vehica_12770?post=30204"},{"taxonomy":"vehica_6670","embeddable":true,"href":"https:\/\/obb.do\/inventario\/wp-json\/wp\/v2\/vehica_6670?post=30204"},{"taxonomy":"vehica_12723","embeddable":true,"href":"https:\/\/obb.do\/inventario\/wp-json\/wp\/v2\/vehica_12723?post=30204"}],"curies":[{"name":"wp","href":"https:\/\/api.w.org\/{rel}","templated":true}]}}

<p><strong>PORSCHE 911 CARRERA 2025</strong></p>
<p>*Motor y Transmisión</p>
<p>-Motor: 3.0 L bóxer biturbo de 6 cilindros<br />
-Potencia: 388 hp (290?kW) a 6500rpm<br />
-Par motor: 331 lb-ft (450?Nm)<br />
-Transmisión: PDK de 8 velocidades (doble embrague), solo automática</p>
<p>*Rendimiento</p>
<p>-0-60 mph: 3.9s (3.7?s con paquete Sport Chrono)<br />
-Velocidad máxima: 183 mph (295km/h)</p>
<p>*Chasis y Suspensión</p>
<p>-Suspensión: Independiente en las 4 ruedas, con PASM (adaptativa)<br />
-Dirección: Piñón-cremallera, asistencia eléctrica, opcional rear-axle steering en versiones superiores<br />
-Frenos: ABS, control de tracción, diferencial trasero de deslizamiento limitado</p>
<p>*Interior y tecnología</p>
<p>-Pantalla PCM central: 10.9 con navegación y Apple CarPlay inalámbrico<br />
-Cuadro de instrumentos: Totalmente digital, con tacómetro central<br />
-Asistencias: Lane Keep Assist, ParkAssist delantero y trasero, cámara trasera</p>
<p>*Seguridad</p>
<p>-Bolsas de aire: frontales, laterales, de cortina, sensor de ocupante<br />
-Control de estabilidad (PSM) y múltiples sistemas electrónicos de apoyo</p>
