{"id":29150,"date":"2025-03-15T10:08:17","date_gmt":"2025-03-15T14:08:17","guid":{"rendered":"https:\/\/obb.do\/inventario\/?post_type=vehica_car&#038;p=29150"},"modified":"2025-03-15T10:08:17","modified_gmt":"2025-03-15T14:08:17","slug":"mercedes-benz-e450-4matic-amg-line-2025","status":"publish","type":"vehica_car","link":"https:\/\/obb.do\/inventario\/listado\/mercedes-benz-e450-4matic-amg-line-2025\/","title":{"rendered":"Mercedes-Benz E450 4matic Amg Line 2025"},"content":{"rendered":"<p><strong>Motor y rendimiento*<\/strong><\/p>\n<p>Motor de gasolina de 6 cilindros en l\u00ednea con tecnolog\u00eda Mild Hybrid de 48V.<br \/>\nCilindrada: 2.999 cm\u00b3.<br \/>\nPotencia m\u00e1xima: 381 CV (280 kW) a 5.800-6.100 rpm.<br \/>\nPar m\u00e1ximo: 500 Nm a 1.800-5.000 rpm.<\/p>\n<p><strong>*Prestaciones*<\/strong><\/p>\n<p>Aceleraci\u00f3n de 0 a 100 km\/h en 4,5 segundos.<br \/>\nVelocidad m\u00e1xima limitada electr\u00f3nicamente a 250 km\/h.<\/p>\n<p><strong>*Carrocer\u00eda*<\/strong><\/p>\n<p>Tipo: Berlina de 4 puertas.<br \/>\nLongitud: 4.949 mm.<br \/>\nAnchura: 1.880 mm.<br \/>\nAltura: 1.469 mm.<br \/>\nDistancia entre ejes: 2.961 mm.<\/p>\n<p><strong>*Transmisi\u00f3n*<\/strong><\/p>\n<p>Caja de cambios autom\u00e1tica 9G-TRONIC de 9 velocidades.<br \/>\nTracci\u00f3n integral permanente 4MATIC.<\/p>\n<p><strong>*Suspensi\u00f3n*<\/strong><\/p>\n<p>Suspensi\u00f3n neum\u00e1tica AIRMATIC con regulaci\u00f3n de nivel y sistema de amortiguaci\u00f3n adaptativa (ADS PLUS).<br \/>\nDirecci\u00f3n:<br \/>\nEje trasero direccional para mejorar la maniobrabilidad y estabilidad.<\/p>\n<p><strong>*Equipamiento destacado*<\/strong><\/p>\n<p>Dise\u00f1o exterior AMG Line:<br \/>\nElementos est\u00e9ticos deportivos exclusivos de la l\u00ednea AMG.<br \/>\nTecnolog\u00eda y confort:<br \/>\nSistema de infoentretenimiento MBUX con pantalla t\u00e1ctil de 12,3 pulgadas.<br \/>\nAsientos delanteros con ajuste el\u00e9ctrico y funci\u00f3n de memoria.<br \/>\nIluminaci\u00f3n ambiental personalizable.<br \/>\nSeguridad:<br \/>\nPaquete de asistencia a la conducci\u00f3n que incluye control de crucero adaptativo, asistente de mantenimiento de carril y frenado de emergencia aut\u00f3nomo.<\/p>\n","protected":false},"author":85,"featured_media":0,"template":"","vehica_6654":[2508],"vehica_6655":[2338],"vehica_6659":[2326],"vehica_6660":[2773],"vehica_6661":[2495],"vehica_6662":[2496],"vehica_6663":[2498],"vehica_12974":[2588],"vehica_6666":[2501],"vehica_12770":[2507],"vehica_6670":[],"vehica_12723":[],"class_list":["post-29150","vehica_car","type-vehica_car","status-publish","hentry","vehica_6654-nuevos","vehica_6655-sedan","vehica_6659-mercedes-benz","vehica_6660-clase-e","vehica_6661-awd","vehica_6662-automatica","vehica_6663-gasolina","vehica_12974-6-turbo","vehica_6666-blanco","vehica_12770-4-puertas"],"vehica_6656":{"vehica_currency_6656_2316":139900},"vehica_14696":"2025","vehica_6664":"","vehica_21947":"0","vehica_6665":"3000","vehica_6671":"","vehica_22153":"","vehica_6673":["https:\/\/obb.do\/inventario\/wp-content\/uploads\/2025\/03\/ISA09065.webp","https:\/\/obb.do\/inventario\/wp-content\/uploads\/2025\/03\/ISA09067.webp","https:\/\/obb.do\/inventario\/wp-content\/uploads\/2025\/03\/ISA09076.webp","https:\/\/obb.do\/inventario\/wp-content\/uploads\/2025\/03\/ISA09078.webp","https:\/\/obb.do\/inventario\/wp-content\/uploads\/2025\/03\/ISA09068.webp","https:\/\/obb.do\/inventario\/wp-content\/uploads\/2025\/03\/ISA09069.webp","https:\/\/obb.do\/inventario\/wp-content\/uploads\/2025\/03\/ISA09090.webp","https:\/\/obb.do\/inventario\/wp-content\/uploads\/2025\/03\/ISA09070.webp","https:\/\/obb.do\/inventario\/wp-content\/uploads\/2025\/03\/ISA09082.webp","https:\/\/obb.do\/inventario\/wp-content\/uploads\/2025\/03\/ISA09085.webp","https:\/\/obb.do\/inventario\/wp-content\/uploads\/2025\/03\/ISA09087.webp","https:\/\/obb.do\/inventario\/wp-content\/uploads\/2025\/03\/ISA09073.webp","https:\/\/obb.do\/inventario\/wp-content\/uploads\/2025\/03\/ISA09071.webp","https:\/\/obb.do\/inventario\/wp-content\/uploads\/2025\/03\/ISA09072.webp","https:\/\/obb.do\/inventario\/wp-content\/uploads\/2025\/03\/ISA09079.webp","https:\/\/obb.do\/inventario\/wp-content\/uploads\/2025\/03\/ISA09083.webp"],"vehica_6674":{"url":"","embed":""},"vehica_18820":[],"_links":{"self":[{"href":"https:\/\/obb.do\/inventario\/wp-json\/wp\/v2\/cars\/29150","targetHints":{"allow":["GET"]}}],"collection":[{"href":"https:\/\/obb.do\/inventario\/wp-json\/wp\/v2\/cars"}],"about":[{"href":"https:\/\/obb.do\/inventario\/wp-json\/wp\/v2\/types\/vehica_car"}],"author":[{"embeddable":true,"href":"https:\/\/obb.do\/inventario\/wp-json\/wp\/v2\/users\/85"}],"wp:attachment":[{"href":"https:\/\/obb.do\/inventario\/wp-json\/wp\/v2\/media?parent=29150"}],"wp:term":[{"taxonomy":"vehica_6654","embeddable":true,"href":"https:\/\/obb.do\/inventario\/wp-json\/wp\/v2\/vehica_6654?post=29150"},{"taxonomy":"vehica_6655","embeddable":true,"href":"https:\/\/obb.do\/inventario\/wp-json\/wp\/v2\/vehica_6655?post=29150"},{"taxonomy":"vehica_6659","embeddable":true,"href":"https:\/\/obb.do\/inventario\/wp-json\/wp\/v2\/vehica_6659?post=29150"},{"taxonomy":"vehica_6660","embeddable":true,"href":"https:\/\/obb.do\/inventario\/wp-json\/wp\/v2\/vehica_6660?post=29150"},{"taxonomy":"vehica_6661","embeddable":true,"href":"https:\/\/obb.do\/inventario\/wp-json\/wp\/v2\/vehica_6661?post=29150"},{"taxonomy":"vehica_6662","embeddable":true,"href":"https:\/\/obb.do\/inventario\/wp-json\/wp\/v2\/vehica_6662?post=29150"},{"taxonomy":"vehica_6663","embeddable":true,"href":"https:\/\/obb.do\/inventario\/wp-json\/wp\/v2\/vehica_6663?post=29150"},{"taxonomy":"vehica_12974","embeddable":true,"href":"https:\/\/obb.do\/inventario\/wp-json\/wp\/v2\/vehica_12974?post=29150"},{"taxonomy":"vehica_6666","embeddable":true,"href":"https:\/\/obb.do\/inventario\/wp-json\/wp\/v2\/vehica_6666?post=29150"},{"taxonomy":"vehica_12770","embeddable":true,"href":"https:\/\/obb.do\/inventario\/wp-json\/wp\/v2\/vehica_12770?post=29150"},{"taxonomy":"vehica_6670","embeddable":true,"href":"https:\/\/obb.do\/inventario\/wp-json\/wp\/v2\/vehica_6670?post=29150"},{"taxonomy":"vehica_12723","embeddable":true,"href":"https:\/\/obb.do\/inventario\/wp-json\/wp\/v2\/vehica_12723?post=29150"}],"curies":[{"name":"wp","href":"https:\/\/api.w.org\/{rel}","templated":true}]}}

<p><strong>Motor y rendimiento*</strong></p>
<p>Motor de gasolina de 6 cilindros en línea con tecnología Mild Hybrid de 48V.<br />
Cilindrada: 2.999 cm³.<br />
Potencia máxima: 381 CV (280 kW) a 5.800-6.100 rpm.<br />
Par máximo: 500 Nm a 1.800-5.000 rpm.</p>
<p><strong>*Prestaciones*</strong></p>
<p>Aceleración de 0 a 100 km/h en 4,5 segundos.<br />
Velocidad máxima limitada electrónicamente a 250 km/h.</p>
<p><strong>*Carrocería*</strong></p>
<p>Tipo: Berlina de 4 puertas.<br />
Longitud: 4.949 mm.<br />
Anchura: 1.880 mm.<br />
Altura: 1.469 mm.<br />
Distancia entre ejes: 2.961 mm.</p>
<p><strong>*Transmisión*</strong></p>
<p>Caja de cambios automática 9G-TRONIC de 9 velocidades.<br />
Tracción integral permanente 4MATIC.</p>
<p><strong>*Suspensión*</strong></p>
<p>Suspensión neumática AIRMATIC con regulación de nivel y sistema de amortiguación adaptativa (ADS PLUS).<br />
Dirección:<br />
Eje trasero direccional para mejorar la maniobrabilidad y estabilidad.</p>
<p><strong>*Equipamiento destacado*</strong></p>
<p>Diseño exterior AMG Line:<br />
Elementos estéticos deportivos exclusivos de la línea AMG.<br />
Tecnología y confort:<br />
Sistema de infoentretenimiento MBUX con pantalla táctil de 12,3 pulgadas.<br />
Asientos delanteros con ajuste eléctrico y función de memoria.<br />
Iluminación ambiental personalizable.<br />
Seguridad:<br />
Paquete de asistencia a la conducción que incluye control de crucero adaptativo, asistente de mantenimiento de carril y frenado de emergencia autónomo.</p>
