{"id":28309,"date":"2025-01-29T10:30:24","date_gmt":"2025-01-29T14:30:24","guid":{"rendered":"https:\/\/obb.do\/inventario\/listado\/peugeot-3008-gt-line-2025-3\/"},"modified":"2025-11-08T12:12:09","modified_gmt":"2025-11-08T16:12:09","slug":"peugeot-3008-gt-line-2025-3","status":"publish","type":"vehica_car","link":"https:\/\/obb.do\/inventario\/listado\/peugeot-3008-gt-line-2025-3\/","title":{"rendered":"Peugeot 3008 GT Line 2026"},"content":{"rendered":"<p>Peugeot 3008 GT 2026<\/p>\n<p>MOTORIZACION Y TRANSMISION<\/p>\n<p>-Motor 1.6L Turbo 180 hp- Gasolina<br \/>\n-Transmisi\u00f3n autom\u00e1tica de 6 velocidades<br \/>\n-SUV-Tracci\u00f3n delantera<\/p>\n<p>INTERIOR Y CONFORT<\/p>\n<p>-Aire acondicionado digital Bizona<br \/>\n-Asientos con sistema 1S0 FIX<br \/>\n-i-Cockpit Panor\u00e1mico con 1 gran pantalla HD curva y flotante 21*<br \/>\n-Android auto y Apple carplay in al\u00e1mbricos<br \/>\n-Cargador inal\u00e1mbrico<br \/>\n-Asientos en piel napa, el\u00e9ctricos y con memoria, ventiados y con funci\u00f3n de masajes<br \/>\n-Iluminaci\u00f3n ambiental<br \/>\n-Clean Cabin.<br \/>\n-Pedales y reposapies de aluminio<\/p>\n<p>EXTERIOR<\/p>\n<p>-Aros 19\u00b0 Terminaci\u00f3n Diamond<br \/>\n-Luces traseras LED 3D<br \/>\n-espejos retrovisores abatibles, luz de bienvenida<br \/>\n-Faros Matrix LED<br \/>\n-Faros autom\u00e1ticos y adaptativos con asistente de luces larg as<br \/>\n-Techo panor\u00e1mico corredizo<br \/>\n-Techo y aleron trasero en Black Diamond<br \/>\n-Apertura del maletero el\u00e9ctrico con acceso manos libres<br \/>\n-Emblemas PEUGEOT en las aletas delanteras<\/p>\n<p>SEGURIDAD<\/p>\n<p>-6 bolsas de aire<br \/>\n-Sensores de parqueo delanteros y traseros<br \/>\n-Acceso y arranque manos libres<br \/>\n-C\u00e1mara y trasera (160\u00b0)<br \/>\n-Alarma<br \/>\n-Control Crucero con limitador<br \/>\n-Alerta inteligente de atenci\u00f3n del conductor<br \/>\n-Hill Assist<br \/>\n-Downhill assist control<\/p>\n<p>La garant\u00eda tiene una duraci\u00f3n de 3 a\u00f1os o 100,000 Km. (lo que ocurra primero)<\/p>\n","protected":false},"author":85,"featured_media":28415,"template":"","vehica_6654":[2508],"vehica_6655":[2325],"vehica_6659":[2528],"vehica_6660":[2556],"vehica_6661":[2075],"vehica_6662":[2496],"vehica_6663":[2498],"vehica_12974":[2590],"vehica_6666":[2502],"vehica_12770":[2507],"vehica_6670":[],"vehica_12723":[],"class_list":["post-28309","vehica_car","type-vehica_car","status-publish","has-post-thumbnail","hentry","vehica_6654-nuevos","vehica_6655-suv","vehica_6659-peugeot","vehica_6660-2556","vehica_6661-tracccion-delantera","vehica_6662-automatica","vehica_6663-gasolina","vehica_12974-4-turbo","vehica_6666-azul","vehica_12770-4-puertas"],"vehica_6656":{"vehica_currency_6656_2316":52900},"vehica_14696":"2026","vehica_6664":"","vehica_21947":"0","vehica_6665":"1600","vehica_6671":"","vehica_22153":"","vehica_6673":["https:\/\/obb.do\/inventario\/wp-content\/uploads\/2025\/01\/ISA05476.webp","https:\/\/obb.do\/inventario\/wp-content\/uploads\/2025\/01\/ISA05477.webp","https:\/\/obb.do\/inventario\/wp-content\/uploads\/2025\/01\/ISA05502.webp","https:\/\/obb.do\/inventario\/wp-content\/uploads\/2025\/01\/ISA05504.webp","https:\/\/obb.do\/inventario\/wp-content\/uploads\/2025\/01\/ISA05479.webp","https:\/\/obb.do\/inventario\/wp-content\/uploads\/2025\/01\/ISA05480.webp","https:\/\/obb.do\/inventario\/wp-content\/uploads\/2025\/01\/ISA05507.webp","https:\/\/obb.do\/inventario\/wp-content\/uploads\/2025\/01\/ISA05483.webp","https:\/\/obb.do\/inventario\/wp-content\/uploads\/2025\/01\/ISA05485.webp","https:\/\/obb.do\/inventario\/wp-content\/uploads\/2025\/01\/ISA05487.webp","https:\/\/obb.do\/inventario\/wp-content\/uploads\/2025\/01\/ISA05488.webp","https:\/\/obb.do\/inventario\/wp-content\/uploads\/2025\/01\/ISA05490.webp","https:\/\/obb.do\/inventario\/wp-content\/uploads\/2025\/01\/ISA05494.webp","https:\/\/obb.do\/inventario\/wp-content\/uploads\/2025\/01\/ISA05496.webp","https:\/\/obb.do\/inventario\/wp-content\/uploads\/2025\/01\/ISA05497.webp"],"vehica_6674":{"url":"","embed":""},"vehica_18820":[],"_links":{"self":[{"href":"https:\/\/obb.do\/inventario\/wp-json\/wp\/v2\/cars\/28309","targetHints":{"allow":["GET"]}}],"collection":[{"href":"https:\/\/obb.do\/inventario\/wp-json\/wp\/v2\/cars"}],"about":[{"href":"https:\/\/obb.do\/inventario\/wp-json\/wp\/v2\/types\/vehica_car"}],"author":[{"embeddable":true,"href":"https:\/\/obb.do\/inventario\/wp-json\/wp\/v2\/users\/85"}],"wp:featuredmedia":[{"embeddable":true,"href":"https:\/\/obb.do\/inventario\/wp-json\/wp\/v2\/media\/28415"}],"wp:attachment":[{"href":"https:\/\/obb.do\/inventario\/wp-json\/wp\/v2\/media?parent=28309"}],"wp:term":[{"taxonomy":"vehica_6654","embeddable":true,"href":"https:\/\/obb.do\/inventario\/wp-json\/wp\/v2\/vehica_6654?post=28309"},{"taxonomy":"vehica_6655","embeddable":true,"href":"https:\/\/obb.do\/inventario\/wp-json\/wp\/v2\/vehica_6655?post=28309"},{"taxonomy":"vehica_6659","embeddable":true,"href":"https:\/\/obb.do\/inventario\/wp-json\/wp\/v2\/vehica_6659?post=28309"},{"taxonomy":"vehica_6660","embeddable":true,"href":"https:\/\/obb.do\/inventario\/wp-json\/wp\/v2\/vehica_6660?post=28309"},{"taxonomy":"vehica_6661","embeddable":true,"href":"https:\/\/obb.do\/inventario\/wp-json\/wp\/v2\/vehica_6661?post=28309"},{"taxonomy":"vehica_6662","embeddable":true,"href":"https:\/\/obb.do\/inventario\/wp-json\/wp\/v2\/vehica_6662?post=28309"},{"taxonomy":"vehica_6663","embeddable":true,"href":"https:\/\/obb.do\/inventario\/wp-json\/wp\/v2\/vehica_6663?post=28309"},{"taxonomy":"vehica_12974","embeddable":true,"href":"https:\/\/obb.do\/inventario\/wp-json\/wp\/v2\/vehica_12974?post=28309"},{"taxonomy":"vehica_6666","embeddable":true,"href":"https:\/\/obb.do\/inventario\/wp-json\/wp\/v2\/vehica_6666?post=28309"},{"taxonomy":"vehica_12770","embeddable":true,"href":"https:\/\/obb.do\/inventario\/wp-json\/wp\/v2\/vehica_12770?post=28309"},{"taxonomy":"vehica_6670","embeddable":true,"href":"https:\/\/obb.do\/inventario\/wp-json\/wp\/v2\/vehica_6670?post=28309"},{"taxonomy":"vehica_12723","embeddable":true,"href":"https:\/\/obb.do\/inventario\/wp-json\/wp\/v2\/vehica_12723?post=28309"}],"curies":[{"name":"wp","href":"https:\/\/api.w.org\/{rel}","templated":true}]}}

<p>Peugeot 3008 GT 2026</p>
<p>MOTORIZACION Y TRANSMISION</p>
<p>-Motor 1.6L Turbo 180 hp- Gasolina<br />
-Transmisión automática de 6 velocidades<br />
-SUV-Tracción delantera</p>
<p>INTERIOR Y CONFORT</p>
<p>-Aire acondicionado digital Bizona<br />
-Asientos con sistema 1S0 FIX<br />
-i-Cockpit Panorámico con 1 gran pantalla HD curva y flotante 21*<br />
-Android auto y Apple carplay in alámbricos<br />
-Cargador inalámbrico<br />
-Asientos en piel napa, eléctricos y con memoria, ventiados y con función de masajes<br />
-Iluminación ambiental<br />
-Clean Cabin.<br />
-Pedales y reposapies de aluminio</p>
<p>EXTERIOR</p>
<p>-Aros 19° Terminación Diamond<br />
-Luces traseras LED 3D<br />
-espejos retrovisores abatibles, luz de bienvenida<br />
-Faros Matrix LED<br />
-Faros automáticos y adaptativos con asistente de luces larg as<br />
-Techo panorámico corredizo<br />
-Techo y aleron trasero en Black Diamond<br />
-Apertura del maletero eléctrico con acceso manos libres<br />
-Emblemas PEUGEOT en las aletas delanteras</p>
<p>SEGURIDAD</p>
<p>-6 bolsas de aire<br />
-Sensores de parqueo delanteros y traseros<br />
-Acceso y arranque manos libres<br />
-Cámara y trasera (160°)<br />
-Alarma<br />
-Control Crucero con limitador<br />
-Alerta inteligente de atención del conductor<br />
-Hill Assist<br />
-Downhill assist control</p>
<p>La garantía tiene una duración de 3 años o 100,000 Km. (lo que ocurra primero)</p>
