{"id":28116,"date":"2025-01-20T12:09:10","date_gmt":"2025-01-20T16:09:10","guid":{"rendered":"https:\/\/obb.do\/inventario\/listado\/mercedes-benz-clase-gle-53-4matic-coupe-amg-plus-2024-5\/"},"modified":"2026-04-16T16:44:36","modified_gmt":"2026-04-16T20:44:36","slug":"mercedes-benz-clase-gle-53-4matic-coupe-amg-plus-2024-5","status":"publish","type":"vehica_car","link":"https:\/\/obb.do\/inventario\/listado\/mercedes-benz-clase-gle-53-4matic-coupe-amg-plus-2024-5\/","title":{"rendered":"Mercedes-Benz Clase GLE 53 4matic Coupe AMG Plus 2026"},"content":{"rendered":"<p>Mercedes-Benz AMG GLE 53 4MATIC+ Coupe 2025 (0KM)<br \/>\nA\u00f1o: 2025<br \/>\nVersi\u00f3n: AMG Plus<br \/>\nMotor: \/ 6 Cilindros<br \/>\nPotencia: 435 CV<br \/>\nColor: Pinturas MANUFAKTUR &#8211; MANUFAKTUR gris alpino est\u00e1ndar<br \/>\nTapicer\u00eda: Napa AMG &#8211; negro<\/p>\n<p>Caracteristicas:<br \/>\nB12 herramienta para cambio de rueda<br \/>\nH31 Elementos de adorno en madera de roble antracita de poros abiertos<br \/>\nL6J Volante AMG Performance en napa<br \/>\nPBP Paquete ENERGIZING<br \/>\nPDC Paquete Premium<br \/>\nP17 paquete de confort KEYLESS-GO<br \/>\nP21 Paquete AIR-BALANCE con frasco de perfume, ionizaci\u00f3n y filtrado mejorado de aire<br \/>\nP47 Paquete de aparcamiento con c\u00e1mara de 360\u00b0<br \/>\nP49 Paquete de retrovisores Con proyecci\u00f3n del logotipo de la marca.<br \/>\nP64 kit de memorias<br \/>\nRXV Llantas forjadas AMG de 55,9 c m (22&#8243;) en dise\u00f1o de radios cruzados c olor negro mate y pesta\u00f1a exterior pulida a alto brillo, delante 285\/40 R22 con 10J 22 ET55, detr\u00e1s 325\/35 R22 con 1 1,5J 22 ET53<br \/>\nR01 Neum\u00e1ticos de verano<br \/>\nU01 Indicaci\u00f3n de estado de los cinturones de seguridad traseros en el display de los instrumentos<br \/>\nU09 Tablero de instrumentos y l\u00ednea de cintura en las puertas en s\u00edmil de cuero ARTICO<br \/>\nU17 Supresi\u00f3n de los cinturones de seguridad de color<br \/>\nU26 Alfombrillas AMG<br \/>\nU 45 Listones de umbral AMG con distintivo \u00abAMG\u00bb, iluminados y con cubiertas intercambiables<br \/>\nU47 perfil aerodin\u00e1mico AMG<br \/>\nU78 Sistema de escape AMG Performance commutable<br \/>\nU82 2 conexiones USB en la parte trasera<br \/>\nU88 Teclas AMG en el volante<br \/>\n04U Cap\u00f3 transparente Visualizaci\u00f3n del entorno inmediato por delante del veh\u00edculo<br \/>\n14U Integraci\u00f3n de smartphone Android Auto\u2122 y Apple CarPlay\u2122<br \/>\n234 Control de \u00e1ngulo muerto<br \/>\n258 Asistente de frenado active<br \/>\n294 Airbag de rodillas<br \/>\n355 Funciones MBUX ampliadas1<br \/>\n365 Navegaci\u00f3n por disco duro 2 (uso gratuito del servicio durante 7 a\u00f1os a partir de la fecha de activaci\u00f3n, Disponible tambi\u00e9n como equipo ondemand)<br \/>\n401 Asientos climatizados para conductor y acompa\u00f1ante con calefacci\u00f3n de asiento<br \/>\n413 Techo corredizo panor\u00e1mico el\u00e9ctrico, de cristal, con cierre de confort y cierre autom\u00e1tico en caso de lluvia, persiana parasol el\u00e9ctrica y funci\u00f3n autom\u00e1tica de inversi\u00f3n de sentido, as\u00ed como funci\u00f3n de cierre PRE-SAFE\u00ae<br \/>\n421 AMG SPEEDSHIFT TCT 9G<br \/>\n463 Head-up-Display<br \/>\n475 Control de la presi\u00f3n de los neum\u00e1ticos<br \/>\n489 AMG RIDE CONTROL+<br \/>\n51U Techo interior de tela en color negro<br \/>\n543 parasol doble<br \/>\n475 Control de la presi\u00f3n de los neum\u00e1ticos<br \/>\n489 AMG RIDE CONTROL+<\/p>\n<p>GARANTIA DE 5 A\u00d1OS O 100 MIL KMS<\/p>\n","protected":false},"author":85,"featured_media":28118,"template":"","vehica_6654":[2508],"vehica_6655":[2320],"vehica_6659":[2326],"vehica_6660":[2611],"vehica_6661":[2659],"vehica_6662":[2496],"vehica_6663":[2498],"vehica_12974":[2588],"vehica_6666":[2500],"vehica_12770":[2568],"vehica_6670":[2684,2570,2569,2685,2575,2547,2092,2571,2105,2103,2548,2576,2097,2579,2650],"vehica_12723":[2391,2393,2550,2549,2577,2390,2428,2392,2425,2551,2578],"class_list":["post-28116","vehica_car","type-vehica_car","status-publish","has-post-thumbnail","hentry","vehica_6654-nuevos","vehica_6655-coupe","vehica_6659-mercedes-benz","vehica_6660-clase-gle-53-amg","vehica_6661-4wd","vehica_6662-automatica","vehica_6663-gasolina","vehica_12974-6-turbo","vehica_6666-negro","vehica_12770-5-puertas","vehica_6670-aire-acondicionado-digital","vehica_6670-android-auto","vehica_6670-apple-carplay","vehica_6670-asientos-deportivos","vehica_6670-asientos-electricos","vehica_6670-baul-electrico","vehica_6670-bluetooth","vehica_6670-calefaccion","vehica_6670-camara-de-360-grados","vehica_6670-control-de-traccion","vehica_6670-guia-multifuncion","vehica_6670-llave-inteligente","vehica_6670-luces-led","vehica_6670-turbo","vehica_6670-version-europea","vehica_12723-advertencia-de-colision-frontal","vehica_12723-advertencia-de-punto-ciego","vehica_12723-airbag-pasajero","vehica_12723-airbags-chofer","vehica_12723-airbags-laterales","vehica_12723-asistente-de-freno","vehica_12723-asistente-de-mantenimiento-de-carril","vehica_12723-deteccion-de-peatones","vehica_12723-faros-adaptativos","vehica_12723-frenos-abs","vehica_12723-sensores-de-parqueo"],"vehica_6656":{"vehica_currency_6656_2316":159900},"vehica_14696":"2026","vehica_6664":"","vehica_21947":"0","vehica_6665":"3000","vehica_6671":"","vehica_22153":"","vehica_6673":["https:\/\/obb.do\/inventario\/wp-content\/uploads\/2025\/01\/ISA03359.webp","https:\/\/obb.do\/inventario\/wp-content\/uploads\/2025\/01\/ISA03361.webp","https:\/\/obb.do\/inventario\/wp-content\/uploads\/2025\/01\/ISA03390.webp","https:\/\/obb.do\/inventario\/wp-content\/uploads\/2025\/01\/ISA03398.webp","https:\/\/obb.do\/inventario\/wp-content\/uploads\/2025\/01\/ISA03362.webp","https:\/\/obb.do\/inventario\/wp-content\/uploads\/2025\/01\/ISA03370.webp","https:\/\/obb.do\/inventario\/wp-content\/uploads\/2025\/01\/ISA03366.webp","https:\/\/obb.do\/inventario\/wp-content\/uploads\/2025\/01\/ISA03373.webp","https:\/\/obb.do\/inventario\/wp-content\/uploads\/2025\/01\/ISA03376.webp","https:\/\/obb.do\/inventario\/wp-content\/uploads\/2025\/01\/ISA03378.webp","https:\/\/obb.do\/inventario\/wp-content\/uploads\/2025\/01\/ISA03379.webp","https:\/\/obb.do\/inventario\/wp-content\/uploads\/2025\/01\/ISA03383.webp","https:\/\/obb.do\/inventario\/wp-content\/uploads\/2025\/01\/ISA03384.webp"],"vehica_6674":{"url":"","embed":""},"vehica_18820":[],"_links":{"self":[{"href":"https:\/\/obb.do\/inventario\/wp-json\/wp\/v2\/cars\/28116","targetHints":{"allow":["GET"]}}],"collection":[{"href":"https:\/\/obb.do\/inventario\/wp-json\/wp\/v2\/cars"}],"about":[{"href":"https:\/\/obb.do\/inventario\/wp-json\/wp\/v2\/types\/vehica_car"}],"author":[{"embeddable":true,"href":"https:\/\/obb.do\/inventario\/wp-json\/wp\/v2\/users\/85"}],"wp:featuredmedia":[{"embeddable":true,"href":"https:\/\/obb.do\/inventario\/wp-json\/wp\/v2\/media\/28118"}],"wp:attachment":[{"href":"https:\/\/obb.do\/inventario\/wp-json\/wp\/v2\/media?parent=28116"}],"wp:term":[{"taxonomy":"vehica_6654","embeddable":true,"href":"https:\/\/obb.do\/inventario\/wp-json\/wp\/v2\/vehica_6654?post=28116"},{"taxonomy":"vehica_6655","embeddable":true,"href":"https:\/\/obb.do\/inventario\/wp-json\/wp\/v2\/vehica_6655?post=28116"},{"taxonomy":"vehica_6659","embeddable":true,"href":"https:\/\/obb.do\/inventario\/wp-json\/wp\/v2\/vehica_6659?post=28116"},{"taxonomy":"vehica_6660","embeddable":true,"href":"https:\/\/obb.do\/inventario\/wp-json\/wp\/v2\/vehica_6660?post=28116"},{"taxonomy":"vehica_6661","embeddable":true,"href":"https:\/\/obb.do\/inventario\/wp-json\/wp\/v2\/vehica_6661?post=28116"},{"taxonomy":"vehica_6662","embeddable":true,"href":"https:\/\/obb.do\/inventario\/wp-json\/wp\/v2\/vehica_6662?post=28116"},{"taxonomy":"vehica_6663","embeddable":true,"href":"https:\/\/obb.do\/inventario\/wp-json\/wp\/v2\/vehica_6663?post=28116"},{"taxonomy":"vehica_12974","embeddable":true,"href":"https:\/\/obb.do\/inventario\/wp-json\/wp\/v2\/vehica_12974?post=28116"},{"taxonomy":"vehica_6666","embeddable":true,"href":"https:\/\/obb.do\/inventario\/wp-json\/wp\/v2\/vehica_6666?post=28116"},{"taxonomy":"vehica_12770","embeddable":true,"href":"https:\/\/obb.do\/inventario\/wp-json\/wp\/v2\/vehica_12770?post=28116"},{"taxonomy":"vehica_6670","embeddable":true,"href":"https:\/\/obb.do\/inventario\/wp-json\/wp\/v2\/vehica_6670?post=28116"},{"taxonomy":"vehica_12723","embeddable":true,"href":"https:\/\/obb.do\/inventario\/wp-json\/wp\/v2\/vehica_12723?post=28116"}],"curies":[{"name":"wp","href":"https:\/\/api.w.org\/{rel}","templated":true}]}}

<p>Mercedes-Benz AMG GLE 53 4MATIC+ Coupe 2025 (0KM)<br />
Año: 2025<br />
Versión: AMG Plus<br />
Motor: / 6 Cilindros<br />
Potencia: 435 CV<br />
Color: Pinturas MANUFAKTUR &#8211; MANUFAKTUR gris alpino estándar<br />
Tapicería: Napa AMG &#8211; negro</p>
<p>Caracteristicas:<br />
B12 herramienta para cambio de rueda<br />
H31 Elementos de adorno en madera de roble antracita de poros abiertos<br />
L6J Volante AMG Performance en napa<br />
PBP Paquete ENERGIZING<br />
PDC Paquete Premium<br />
P17 paquete de confort KEYLESS-GO<br />
P21 Paquete AIR-BALANCE con frasco de perfume, ionización y filtrado mejorado de aire<br />
P47 Paquete de aparcamiento con cámara de 360°<br />
P49 Paquete de retrovisores Con proyección del logotipo de la marca.<br />
P64 kit de memorias<br />
RXV Llantas forjadas AMG de 55,9 c m (22&#8243;) en diseño de radios cruzados c olor negro mate y pestaña exterior pulida a alto brillo, delante 285/40 R22 con 10J 22 ET55, detrás 325/35 R22 con 1 1,5J 22 ET53<br />
R01 Neumáticos de verano<br />
U01 Indicación de estado de los cinturones de seguridad traseros en el display de los instrumentos<br />
U09 Tablero de instrumentos y línea de cintura en las puertas en símil de cuero ARTICO<br />
U17 Supresión de los cinturones de seguridad de color<br />
U26 Alfombrillas AMG<br />
U 45 Listones de umbral AMG con distintivo «AMG», iluminados y con cubiertas intercambiables<br />
U47 perfil aerodinámico AMG<br />
U78 Sistema de escape AMG Performance commutable<br />
U82 2 conexiones USB en la parte trasera<br />
U88 Teclas AMG en el volante<br />
04U Capó transparente Visualización del entorno inmediato por delante del vehículo<br />
14U Integración de smartphone Android Auto™ y Apple CarPlay™<br />
234 Control de ángulo muerto<br />
258 Asistente de frenado active<br />
294 Airbag de rodillas<br />
355 Funciones MBUX ampliadas1<br />
365 Navegación por disco duro 2 (uso gratuito del servicio durante 7 años a partir de la fecha de activación, Disponible también como equipo ondemand)<br />
401 Asientos climatizados para conductor y acompañante con calefacción de asiento<br />
413 Techo corredizo panorámico eléctrico, de cristal, con cierre de confort y cierre automático en caso de lluvia, persiana parasol eléctrica y función automática de inversión de sentido, así como función de cierre PRE-SAFE®<br />
421 AMG SPEEDSHIFT TCT 9G<br />
463 Head-up-Display<br />
475 Control de la presión de los neumáticos<br />
489 AMG RIDE CONTROL+<br />
51U Techo interior de tela en color negro<br />
543 parasol doble<br />
475 Control de la presión de los neumáticos<br />
489 AMG RIDE CONTROL+</p>
<p>GARANTIA DE 5 AÑOS O 100 MIL KMS</p>
