{"id":27980,"date":"2025-01-11T11:48:17","date_gmt":"2025-01-11T15:48:17","guid":{"rendered":"https:\/\/obb.do\/inventario\/listado\/mercedes-benz-clase-gla-200-amg-line-2024-3\/"},"modified":"2025-02-12T13:28:09","modified_gmt":"2025-02-12T17:28:09","slug":"mercedes-benz-clase-gla-200-amg-line-2024-3","status":"publish","type":"vehica_car","link":"https:\/\/obb.do\/inventario\/listado\/mercedes-benz-clase-gla-200-amg-line-2024-3\/","title":{"rendered":"Mercedes-Benz Clase GLA 200 AMG LINE 2025"},"content":{"rendered":"<p>Mercedes-Benz GLA 200 2025<br \/>\nA\u00f1o: 2025<br \/>\nVersi\u00f3n: AMG Line<br \/>\nMotor: \/ 4 Cilindros<br \/>\nPotencia: 163 CV<br \/>\nAceleraci\u00f3n: 8.7 s<br \/>\nCilindrada: 1.332 cm\u00b3<br \/>\nTorque: 250\/1,620 &#8211; 2,600 Nm a rpm<\/p>\n<p>ESPECIFICACIONES<br \/>\nINTERIOR<br \/>\n-Dynamic Select<br \/>\n-Elementos de adorno con estructura de carbono<br \/>\n-Volante deportivo multifunci\u00f3n forrado en napa<br \/>\n-Advanced Plus Package<br \/>\n-Paquete De Confort Keyless-Go<br \/>\n-Paquete de aparcamiento con c\u00e1mara de marcha atr\u00e1s<br \/>\n-Paquete De Retrovisores<br \/>\n-Indicador Del Uso De Los Cinturones De Seguridad<br \/>\n-Traseros En El Cuadro De Instrumentos<br \/>\n-Apoyo Lumbar Con 4 V\u00edas De Ajuste<br \/>\n-Alfombrillas AMG<br \/>\n-Paquete de ajuste de confort en asiento<br \/>\n-Paquete De Ajustes De Confort En Asientos<br \/>\n-Paquete de alumbrado y visibilidad<br \/>\n-Paquete De Integraci\u00f3n Para Smartphone<br \/>\n-Apple Carplay<br \/>\n-Android Auto<br \/>\n-Direcci\u00f3n Directa Deportiva<br \/>\n-Asiento Del Acompa\u00f1ante De Ajuste El\u00e9ctrico Con Funci\u00f3n De Memoria<br \/>\n-Aerial For Gps<br \/>\n-Asiento Del Conductor De Ajuste El\u00e9ctrico Con Funci\u00f3n De Memoria<br \/>\n-Red Portaobjetos En El Respaldo Del Conductor Y Del Acompa\u00f1ante<br \/>\n-Respaldos traseros abatibles<br \/>\n-Portavasos doble<br \/>\n-Limpiaparabrisas Con Sensor De Lluvia<br \/>\n-Funciones ampliadas MBUX<br \/>\n-7G-DCT<br \/>\n-Tempomat<br \/>\n-Panel t\u00e1ctil sin controlador<br \/>\n-Visualizador del cuadro de instrumentos completamente digital<br \/>\n-Retrovisores Exteriores Abatibles El\u00e9ctricos<br \/>\n-Techo Interior De Tela En Color Negro<br \/>\n-Parasol Con Espejo De Cortes\u00eda Iluminado<br \/>\n-Sistema multimedia MBUX<br \/>\n-Equipo De Aire Acondicionado<br \/>\n-Media Display<br \/>\n-Hands-Free Access<br \/>\n-Iluminaci\u00f3n De Ambiente<br \/>\n-Keyless-Go<br \/>\n-Port\u00f3n trasero EASY PACK<br \/>\n-Sistema inal\u00e1mbrico de carga para dispositivos m\u00f3viles<br \/>\n-AMG Line<br \/>\n-La Identificaci\u00f3n No. (Us-Vin)<\/p>\n<p>EXTERIOR<br \/>\n-Faros LED High Performance<br \/>\n-Kit Est\u00e9tico AMG<\/p>\n<p>SEGURIDAD<br \/>\n-Neum\u00e1ticos De Verano<br \/>\n-Neum\u00e1ticos Con Propiedades De Rodaje De Emergencia<br \/>\n-Desconexi\u00f3n Autom\u00e1tica Del Airbag Del Acompa\u00f1ante<br \/>\n-C\u00e1mara De Marcha Atr\u00e1s<br \/>\n-Ayuda Activa Para Aparcar<br \/>\n-Servofreno De Emergencia Activo<br \/>\n-Airbag De Rodillas<br \/>\n-Avisador De P\u00e9rdida De Presi\u00f3n En Los Neum\u00e1ticos<br \/>\n-Barras Longitudinales En El Techo De Aluminio<br \/>\n-Normativa De Gases De Escape Euro 6<\/p>\n<p>Garantia: 5 a\u00f1os y\/o 100,000 kms (Lo que ocurra primero) &#8211; 8 a\u00f1os contra corrosi\u00f3n de pintura.<\/p>\n","protected":false},"author":85,"featured_media":27984,"template":"","vehica_6654":[2508],"vehica_6655":[2325],"vehica_6659":[2326],"vehica_6660":[2765],"vehica_6661":[2075],"vehica_6662":[2496],"vehica_6663":[2498],"vehica_12974":[2590],"vehica_6666":[2501],"vehica_12770":[2507],"vehica_6670":[],"vehica_12723":[],"class_list":["post-27980","vehica_car","type-vehica_car","status-publish","has-post-thumbnail","hentry","vehica_6654-nuevos","vehica_6655-suv","vehica_6659-mercedes-benz","vehica_6660-clase-gla","vehica_6661-tracccion-delantera","vehica_6662-automatica","vehica_6663-gasolina","vehica_12974-4-turbo","vehica_6666-blanco","vehica_12770-4-puertas"],"vehica_6656":{"vehica_currency_6656_2316":69900},"vehica_14696":"2025","vehica_6664":"","vehica_21947":"0","vehica_6665":"1300","vehica_6671":"","vehica_22153":"","vehica_6673":["https:\/\/obb.do\/inventario\/wp-content\/uploads\/2025\/01\/ISA02710.webp","https:\/\/obb.do\/inventario\/wp-content\/uploads\/2025\/01\/ISA02711.webp","https:\/\/obb.do\/inventario\/wp-content\/uploads\/2025\/01\/ISA02731.webp","https:\/\/obb.do\/inventario\/wp-content\/uploads\/2025\/01\/ISA02732.webp","https:\/\/obb.do\/inventario\/wp-content\/uploads\/2025\/01\/ISA02715.webp","https:\/\/obb.do\/inventario\/wp-content\/uploads\/2025\/01\/ISA02714.webp","https:\/\/obb.do\/inventario\/wp-content\/uploads\/2025\/01\/ISA02717.webp","https:\/\/obb.do\/inventario\/wp-content\/uploads\/2025\/01\/ISA02718.webp","https:\/\/obb.do\/inventario\/wp-content\/uploads\/2025\/01\/ISA02722.webp","https:\/\/obb.do\/inventario\/wp-content\/uploads\/2025\/01\/ISA02724.webp","https:\/\/obb.do\/inventario\/wp-content\/uploads\/2025\/01\/ISA02726.webp","https:\/\/obb.do\/inventario\/wp-content\/uploads\/2025\/01\/ISA02727.webp"],"vehica_6674":{"url":"","embed":""},"vehica_18820":[],"_links":{"self":[{"href":"https:\/\/obb.do\/inventario\/wp-json\/wp\/v2\/cars\/27980","targetHints":{"allow":["GET"]}}],"collection":[{"href":"https:\/\/obb.do\/inventario\/wp-json\/wp\/v2\/cars"}],"about":[{"href":"https:\/\/obb.do\/inventario\/wp-json\/wp\/v2\/types\/vehica_car"}],"author":[{"embeddable":true,"href":"https:\/\/obb.do\/inventario\/wp-json\/wp\/v2\/users\/85"}],"wp:featuredmedia":[{"embeddable":true,"href":"https:\/\/obb.do\/inventario\/wp-json\/wp\/v2\/media\/27984"}],"wp:attachment":[{"href":"https:\/\/obb.do\/inventario\/wp-json\/wp\/v2\/media?parent=27980"}],"wp:term":[{"taxonomy":"vehica_6654","embeddable":true,"href":"https:\/\/obb.do\/inventario\/wp-json\/wp\/v2\/vehica_6654?post=27980"},{"taxonomy":"vehica_6655","embeddable":true,"href":"https:\/\/obb.do\/inventario\/wp-json\/wp\/v2\/vehica_6655?post=27980"},{"taxonomy":"vehica_6659","embeddable":true,"href":"https:\/\/obb.do\/inventario\/wp-json\/wp\/v2\/vehica_6659?post=27980"},{"taxonomy":"vehica_6660","embeddable":true,"href":"https:\/\/obb.do\/inventario\/wp-json\/wp\/v2\/vehica_6660?post=27980"},{"taxonomy":"vehica_6661","embeddable":true,"href":"https:\/\/obb.do\/inventario\/wp-json\/wp\/v2\/vehica_6661?post=27980"},{"taxonomy":"vehica_6662","embeddable":true,"href":"https:\/\/obb.do\/inventario\/wp-json\/wp\/v2\/vehica_6662?post=27980"},{"taxonomy":"vehica_6663","embeddable":true,"href":"https:\/\/obb.do\/inventario\/wp-json\/wp\/v2\/vehica_6663?post=27980"},{"taxonomy":"vehica_12974","embeddable":true,"href":"https:\/\/obb.do\/inventario\/wp-json\/wp\/v2\/vehica_12974?post=27980"},{"taxonomy":"vehica_6666","embeddable":true,"href":"https:\/\/obb.do\/inventario\/wp-json\/wp\/v2\/vehica_6666?post=27980"},{"taxonomy":"vehica_12770","embeddable":true,"href":"https:\/\/obb.do\/inventario\/wp-json\/wp\/v2\/vehica_12770?post=27980"},{"taxonomy":"vehica_6670","embeddable":true,"href":"https:\/\/obb.do\/inventario\/wp-json\/wp\/v2\/vehica_6670?post=27980"},{"taxonomy":"vehica_12723","embeddable":true,"href":"https:\/\/obb.do\/inventario\/wp-json\/wp\/v2\/vehica_12723?post=27980"}],"curies":[{"name":"wp","href":"https:\/\/api.w.org\/{rel}","templated":true}]}}

<p>Mercedes-Benz GLA 200 2025<br />
Año: 2025<br />
Versión: AMG Line<br />
Motor: / 4 Cilindros<br />
Potencia: 163 CV<br />
Aceleración: 8.7 s<br />
Cilindrada: 1.332 cm³<br />
Torque: 250/1,620 &#8211; 2,600 Nm a rpm</p>
<p>ESPECIFICACIONES<br />
INTERIOR<br />
-Dynamic Select<br />
-Elementos de adorno con estructura de carbono<br />
-Volante deportivo multifunción forrado en napa<br />
-Advanced Plus Package<br />
-Paquete De Confort Keyless-Go<br />
-Paquete de aparcamiento con cámara de marcha atrás<br />
-Paquete De Retrovisores<br />
-Indicador Del Uso De Los Cinturones De Seguridad<br />
-Traseros En El Cuadro De Instrumentos<br />
-Apoyo Lumbar Con 4 Vías De Ajuste<br />
-Alfombrillas AMG<br />
-Paquete de ajuste de confort en asiento<br />
-Paquete De Ajustes De Confort En Asientos<br />
-Paquete de alumbrado y visibilidad<br />
-Paquete De Integración Para Smartphone<br />
-Apple Carplay<br />
-Android Auto<br />
-Dirección Directa Deportiva<br />
-Asiento Del Acompañante De Ajuste Eléctrico Con Función De Memoria<br />
-Aerial For Gps<br />
-Asiento Del Conductor De Ajuste Eléctrico Con Función De Memoria<br />
-Red Portaobjetos En El Respaldo Del Conductor Y Del Acompañante<br />
-Respaldos traseros abatibles<br />
-Portavasos doble<br />
-Limpiaparabrisas Con Sensor De Lluvia<br />
-Funciones ampliadas MBUX<br />
-7G-DCT<br />
-Tempomat<br />
-Panel táctil sin controlador<br />
-Visualizador del cuadro de instrumentos completamente digital<br />
-Retrovisores Exteriores Abatibles Eléctricos<br />
-Techo Interior De Tela En Color Negro<br />
-Parasol Con Espejo De Cortesía Iluminado<br />
-Sistema multimedia MBUX<br />
-Equipo De Aire Acondicionado<br />
-Media Display<br />
-Hands-Free Access<br />
-Iluminación De Ambiente<br />
-Keyless-Go<br />
-Portón trasero EASY PACK<br />
-Sistema inalámbrico de carga para dispositivos móviles<br />
-AMG Line<br />
-La Identificación No. (Us-Vin)</p>
<p>EXTERIOR<br />
-Faros LED High Performance<br />
-Kit Estético AMG</p>
<p>SEGURIDAD<br />
-Neumáticos De Verano<br />
-Neumáticos Con Propiedades De Rodaje De Emergencia<br />
-Desconexión Automática Del Airbag Del Acompañante<br />
-Cámara De Marcha Atrás<br />
-Ayuda Activa Para Aparcar<br />
-Servofreno De Emergencia Activo<br />
-Airbag De Rodillas<br />
-Avisador De Pérdida De Presión En Los Neumáticos<br />
-Barras Longitudinales En El Techo De Aluminio<br />
-Normativa De Gases De Escape Euro 6</p>
<p>Garantia: 5 años y/o 100,000 kms (Lo que ocurra primero) &#8211; 8 años contra corrosión de pintura.</p>
