{"id":26787,"date":"2024-08-12T17:11:18","date_gmt":"2024-08-12T21:11:18","guid":{"rendered":"https:\/\/obb.do\/inventario\/?post_type=vehica_car&#038;p=26787"},"modified":"2024-08-12T17:23:15","modified_gmt":"2024-08-12T21:23:15","slug":"renault-austral-tecno","status":"publish","type":"vehica_car","link":"https:\/\/obb.do\/inventario\/listado\/renault-austral-tecno\/","title":{"rendered":"Renault Austral Tecno 2025"},"content":{"rendered":"<ul>\n<li>Motor 1,300cc turbocargado, 4 cilindros, gasolina con 150hp y 250Nm de torque<\/li>\n<li>Transmision automatica CVT, 7 velocidades<\/li>\n<li>6 bolsas de aire (delantera, lateral y tipo cortina)<\/li>\n<li>Frenos ABS con distribuci\u00f3n de frenado electr\u00f3nico<\/li>\n<li>Asistente de frenado de emergencia<\/li>\n<li>Asistente de ascenso en pendientes<\/li>\n<li>Freno de emergencia electr\u00f3nico + funci\u00f3n de auto hold<\/li>\n<li>Sistema de advertencia y monitores presi\u00f3n de los neum\u00e1ticos<\/li>\n<li>Sensores de estacionamiento delanteros y traseros<\/li>\n<li>Luces delanteras Full LED y traseras LED con encendido autom\u00e1tico<\/li>\n<li>Sensor autom\u00e1tico de lluvia e iluminaci\u00f3n<\/li>\n<li>Espejos retrovisores electr\u00f3nicos ajustables con calefacci\u00f3n y cierre autom\u00e1tico<\/li>\n<li>Cristales con control electr\u00f3nico<\/li>\n<li>Barras de techo<\/li>\n<li>Cristales traseros tintados<\/li>\n<li>Techo panor\u00e1mico fijo interior<\/li>\n<li>Cockpit digital de 12.3 pulgadas<\/li>\n<li>Pantalla touchscreen de 9 pulgadas<\/li>\n<li>Sistema keyless (llave inteligente Renault)<\/li>\n<li>A\/C dual autom\u00e1tico; Sistema de purificaci\u00f3n de cabina.<\/li>\n<li>Volante multifunci\u00f3n en piel<\/li>\n<li>Cruise control y limitador de velocidad<\/li>\n<li>Palancas paddle shift<\/li>\n<li>Sistema Multi-sense con selecci\u00f3n de modos de conducci\u00f3n<\/li>\n<li>C\u00e1mara de retroceso<\/li>\n<li>Cargador inal\u00e1mbrico para tel\u00e9fono m\u00f3vil<\/li>\n<li>Espejo retrovisor con ajuste autom\u00e1tico de brillo Iluminaci\u00f3n ambiental multicolor<\/li>\n<li>Asientos traseros deslizables<\/li>\n<\/ul>\n","protected":false},"author":85,"featured_media":0,"template":"","vehica_6654":[2508],"vehica_6655":[2325],"vehica_6659":[2751],"vehica_6660":[2752],"vehica_6661":[2075],"vehica_6662":[2496],"vehica_6663":[2498],"vehica_12974":[2590],"vehica_6666":[2501],"vehica_12770":[2507],"vehica_6670":[],"vehica_12723":[],"class_list":["post-26787","vehica_car","type-vehica_car","status-publish","hentry","vehica_6654-nuevos","vehica_6655-suv","vehica_6659-renault","vehica_6660-austral-techno","vehica_6661-tracccion-delantera","vehica_6662-automatica","vehica_6663-gasolina","vehica_12974-4-turbo","vehica_6666-blanco","vehica_12770-4-puertas"],"vehica_6656":{"vehica_currency_6656_2316":44900},"vehica_14696":"2025","vehica_6664":"","vehica_21947":"0","vehica_6665":"1300","vehica_6671":"","vehica_22153":"","vehica_6673":["https:\/\/obb.do\/inventario\/wp-content\/uploads\/2024\/08\/IMG-20240812-WA0301.webp","https:\/\/obb.do\/inventario\/wp-content\/uploads\/2024\/08\/IMG-20240812-WA0302.webp","https:\/\/obb.do\/inventario\/wp-content\/uploads\/2024\/08\/IMG-20240812-WA0303.webp","https:\/\/obb.do\/inventario\/wp-content\/uploads\/2024\/08\/IMG-20240812-WA0304.webp","https:\/\/obb.do\/inventario\/wp-content\/uploads\/2024\/08\/IMG-20240812-WA0305.webp","https:\/\/obb.do\/inventario\/wp-content\/uploads\/2024\/08\/IMG-20240812-WA0307.webp","https:\/\/obb.do\/inventario\/wp-content\/uploads\/2024\/08\/IMG-20240812-WA0306.webp","https:\/\/obb.do\/inventario\/wp-content\/uploads\/2024\/08\/IMG-20240812-WA0308.webp","https:\/\/obb.do\/inventario\/wp-content\/uploads\/2024\/08\/IMG-20240812-WA0309.webp","https:\/\/obb.do\/inventario\/wp-content\/uploads\/2024\/08\/IMG-20240812-WA0310.webp","https:\/\/obb.do\/inventario\/wp-content\/uploads\/2024\/08\/IMG-20240812-WA0311.webp","https:\/\/obb.do\/inventario\/wp-content\/uploads\/2024\/08\/IMG-20240812-WA0312.webp","https:\/\/obb.do\/inventario\/wp-content\/uploads\/2024\/08\/IMG-20240812-WA0313.webp"],"vehica_6674":{"url":"","embed":""},"vehica_18820":[],"_links":{"self":[{"href":"https:\/\/obb.do\/inventario\/wp-json\/wp\/v2\/cars\/26787","targetHints":{"allow":["GET"]}}],"collection":[{"href":"https:\/\/obb.do\/inventario\/wp-json\/wp\/v2\/cars"}],"about":[{"href":"https:\/\/obb.do\/inventario\/wp-json\/wp\/v2\/types\/vehica_car"}],"author":[{"embeddable":true,"href":"https:\/\/obb.do\/inventario\/wp-json\/wp\/v2\/users\/85"}],"wp:attachment":[{"href":"https:\/\/obb.do\/inventario\/wp-json\/wp\/v2\/media?parent=26787"}],"wp:term":[{"taxonomy":"vehica_6654","embeddable":true,"href":"https:\/\/obb.do\/inventario\/wp-json\/wp\/v2\/vehica_6654?post=26787"},{"taxonomy":"vehica_6655","embeddable":true,"href":"https:\/\/obb.do\/inventario\/wp-json\/wp\/v2\/vehica_6655?post=26787"},{"taxonomy":"vehica_6659","embeddable":true,"href":"https:\/\/obb.do\/inventario\/wp-json\/wp\/v2\/vehica_6659?post=26787"},{"taxonomy":"vehica_6660","embeddable":true,"href":"https:\/\/obb.do\/inventario\/wp-json\/wp\/v2\/vehica_6660?post=26787"},{"taxonomy":"vehica_6661","embeddable":true,"href":"https:\/\/obb.do\/inventario\/wp-json\/wp\/v2\/vehica_6661?post=26787"},{"taxonomy":"vehica_6662","embeddable":true,"href":"https:\/\/obb.do\/inventario\/wp-json\/wp\/v2\/vehica_6662?post=26787"},{"taxonomy":"vehica_6663","embeddable":true,"href":"https:\/\/obb.do\/inventario\/wp-json\/wp\/v2\/vehica_6663?post=26787"},{"taxonomy":"vehica_12974","embeddable":true,"href":"https:\/\/obb.do\/inventario\/wp-json\/wp\/v2\/vehica_12974?post=26787"},{"taxonomy":"vehica_6666","embeddable":true,"href":"https:\/\/obb.do\/inventario\/wp-json\/wp\/v2\/vehica_6666?post=26787"},{"taxonomy":"vehica_12770","embeddable":true,"href":"https:\/\/obb.do\/inventario\/wp-json\/wp\/v2\/vehica_12770?post=26787"},{"taxonomy":"vehica_6670","embeddable":true,"href":"https:\/\/obb.do\/inventario\/wp-json\/wp\/v2\/vehica_6670?post=26787"},{"taxonomy":"vehica_12723","embeddable":true,"href":"https:\/\/obb.do\/inventario\/wp-json\/wp\/v2\/vehica_12723?post=26787"}],"curies":[{"name":"wp","href":"https:\/\/api.w.org\/{rel}","templated":true}]}}

<ul>
<li>Motor 1,300cc turbocargado, 4 cilindros, gasolina con 150hp y 250Nm de torque</li>
<li>Transmision automatica CVT, 7 velocidades</li>
<li>6 bolsas de aire (delantera, lateral y tipo cortina)</li>
<li>Frenos ABS con distribución de frenado electrónico</li>
<li>Asistente de frenado de emergencia</li>
<li>Asistente de ascenso en pendientes</li>
<li>Freno de emergencia electrónico + función de auto hold</li>
<li>Sistema de advertencia y monitores presión de los neumáticos</li>
<li>Sensores de estacionamiento delanteros y traseros</li>
<li>Luces delanteras Full LED y traseras LED con encendido automático</li>
<li>Sensor automático de lluvia e iluminación</li>
<li>Espejos retrovisores electrónicos ajustables con calefacción y cierre automático</li>
<li>Cristales con control electrónico</li>
<li>Barras de techo</li>
<li>Cristales traseros tintados</li>
<li>Techo panorámico fijo interior</li>
<li>Cockpit digital de 12.3 pulgadas</li>
<li>Pantalla touchscreen de 9 pulgadas</li>
<li>Sistema keyless (llave inteligente Renault)</li>
<li>A/C dual automático; Sistema de purificación de cabina.</li>
<li>Volante multifunción en piel</li>
<li>Cruise control y limitador de velocidad</li>
<li>Palancas paddle shift</li>
<li>Sistema Multi-sense con selección de modos de conducción</li>
<li>Cámara de retroceso</li>
<li>Cargador inalámbrico para teléfono móvil</li>
<li>Espejo retrovisor con ajuste automático de brillo Iluminación ambiental multicolor</li>
<li>Asientos traseros deslizables</li>
</ul>
