{"id":23910,"date":"2024-10-24T11:17:22","date_gmt":"2024-10-24T15:17:22","guid":{"rendered":"https:\/\/obb.do\/inventario\/?post_type=vehica_car&#038;p=23910"},"modified":"2026-04-22T18:36:29","modified_gmt":"2026-04-22T22:36:29","slug":"audi-e-tron-sportback-55-s-line-2022","status":"publish","type":"vehica_car","link":"https:\/\/obb.do\/inventario\/listado\/audi-e-tron-sportback-55-s-line-2022\/","title":{"rendered":"Audi E-Tron Sportback 55 S-Line 2022"},"content":{"rendered":"<div class=\"detail-ad-info-specs-block\">\n<p>Garant\u00eda vigente del concesionario, cer\u00e1mica y Xpel completo<\/p>\n<\/div>\n<div class=\"detail-ad-info-specs-block\">\n<p>New AUDI e-tron Sporback 55 Quattro S-line<\/p>\n<p>Motor El\u00e9ctrico Syncronous (Delantero y Tasero) A\u00f1o 2022<br \/>\nBateria 95 KW Potencia Tope 300 Kw (408 HP)<br \/>\nAlcance 372 \u2013 453 kms seg\u00fan WLTP 0 a 100 km\/h 0 a 100 km\/h Boost 6.6 Seg.<br \/>\n5.7 Seg.<br \/>\nCombustible Electricidad Torque modo Boost 664 Nm<br \/>\nTipo Jeepeta Cargador a Bordo Hasta 11 Kw<\/p>\n<p>Transmisi\u00f3n Posee 2 cajas de cambio de 1 velocidad para transferir el torque a cada eje.<br \/>\nSistema Tracci\u00f3n total permanente Quattro\u00ae<br \/>\nSuspensi\u00f3n Suspensi\u00f3n neum\u00e1tica adaptiva de 5 brazos de regulaci\u00f3n electr\u00f3nica ajustable a trav\u00e9s del Audi Drive Select \u00a8.<br \/>\nSeguridad Sistema antibloqueo (ABS).<br \/>\nSistema de Tracci\u00f3n Antideslizante (ASR).<br \/>\nBloqueo Electr\u00f3nico de Diferencial (EDS).<br \/>\nControl Electr\u00f3nico de Estabilidad (ESC).<br \/>\nAirbags frontales y laterales delanteros con sistema de airbags para la cabeza.<br \/>\nIsofix para sujeci\u00f3n de sillas de ni\u00f1os en asientos traseros.<br \/>\nRecordatorio de cintur\u00f3n de seguridad \u00f3ptico y ac\u00fastico con sensor de ocupantes.<br \/>\nSistema de Visi\u00f3n Nocturna con c\u00e1mara infraroja t\u00e9rmica con detector de peatones y animales.<br \/>\nAudi Pre-Sense Front. (Inicia medidas preventivas para los pasajeros)<br \/>\n\u2022 Monitorea el entorno frontal<br \/>\n\u2022 En situaciones cr\u00edticas avisa al conductor con un asistente de frenada avanzado.<br \/>\n\u2022 Inicia medidas preventivas para los pasajeros.<br \/>\n\u2022 Aumenta en caso necesario la fuerza de frenado<br \/>\n\u2022 Tensiona los cinturones de seguridad.<br \/>\n\u2022 Cierre de las ventanillas.<br \/>\n\u2022 Encendido de los intermitentes de emergencia a modo de aviso.<br \/>\nAudi Pre-Sense Rear Including Lane Change Assist<br \/>\n\u2022 Controla el lateral\/trasera por medio de dos radares, e informa al conductor a trav\u00e9s de leds en los espejos cuando el sistema detecta que un veh\u00edculo nos impide cambiar de carril.<br \/>\n\u2022 Funciona entre 30 y 250 km\/h y puede desconectarse.<br \/>\n\u2022 Inicia medidas preventivas para los pasajeros<br \/>\n\u2022 Exit warning (detecci\u00f3n de otros veh\u00edculos al abrir la puerta, aviso el LED luminoso en la puerta y Side Assist).<br \/>\n\u2022 Asistente de cambio de carril<br \/>\nAudi City Assistence Pack (Incluye)<br \/>\n\u2022 Asistente de intercepciones<br \/>\n\u2022 Aviso de Cambio de Carril<br \/>\n\u2022 Exit warning (detecci\u00f3n de otros veh\u00edculos al abrir la puerta, aviso el LED luminoso en la puerta).<br \/>\n\u2022 Audi Cross Traffic frontal y trasero (Asistente de salida de tr\u00e1fico cruzado).<br \/>\n\u2022 Audi Pre Sence Basic.<br \/>\n\u2022 Audi Pre Sense lateral.<br \/>\nAlarma ac\u00fastica y \u00f3ptica con inmovilizador electr\u00f3nico antirrobo<br \/>\nIndicador de presi\u00f3n de gomas (TPMS).<br \/>\nBotiqu\u00edn, tri\u00e1ngulo de emergencia y chaleco reflector<\/p>\n<\/div>\n","protected":false},"author":85,"featured_media":27360,"template":"","vehica_6654":[2509],"vehica_6655":[2656],"vehica_6659":[2339],"vehica_6660":[2677],"vehica_6661":[2659],"vehica_6662":[2496],"vehica_6663":[2109],"vehica_12974":[],"vehica_6666":[2499],"vehica_12770":[2568],"vehica_6670":[2570,2569,2601,2098,2575,2547,2092,2571,2105,2576,2097,2602,2093,2579,2650],"vehica_12723":[2391,2393,2550,2549,2577,2428],"class_list":["post-23910","vehica_car","type-vehica_car","status-publish","has-post-thumbnail","hentry","vehica_6654-semi-nuevos","vehica_6655-crossover","vehica_6659-audi","vehica_6660-e-tron","vehica_6661-4wd","vehica_6662-automatica","vehica_6663-electrica","vehica_6666-gris","vehica_12770-5-puertas","vehica_6670-android-auto","vehica_6670-apple-carplay","vehica_6670-aros-de-fabrica","vehica_6670-asientos-de-piel","vehica_6670-asientos-electricos","vehica_6670-baul-electrico","vehica_6670-bluetooth","vehica_6670-calefaccion","vehica_6670-camara-de-360-grados","vehica_6670-llave-inteligente","vehica_6670-luces-led","vehica_6670-radio-am-fm","vehica_6670-sistema-de-sonido","vehica_6670-turbo","vehica_6670-version-europea","vehica_12723-advertencia-de-colision-frontal","vehica_12723-advertencia-de-punto-ciego","vehica_12723-airbag-pasajero","vehica_12723-airbags-chofer","vehica_12723-airbags-laterales","vehica_12723-asistente-de-mantenimiento-de-carril"],"vehica_6656":{"vehica_currency_6656_2316":69900},"vehica_14696":"2022","vehica_6664":"","vehica_21947":"13000","vehica_6665":"","vehica_6671":"","vehica_22153":"","vehica_6673":["https:\/\/obb.do\/inventario\/wp-content\/uploads\/2024\/01\/ISA00086-scaled.webp","https:\/\/obb.do\/inventario\/wp-content\/uploads\/2024\/01\/ISA00088-scaled.webp","https:\/\/obb.do\/inventario\/wp-content\/uploads\/2024\/01\/ISA00113-scaled.webp","https:\/\/obb.do\/inventario\/wp-content\/uploads\/2024\/01\/ISA00111-scaled.webp","https:\/\/obb.do\/inventario\/wp-content\/uploads\/2024\/01\/ISA00090-scaled.webp","https:\/\/obb.do\/inventario\/wp-content\/uploads\/2024\/01\/ISA00092-scaled.webp","https:\/\/obb.do\/inventario\/wp-content\/uploads\/2024\/01\/ISA00101-scaled.webp","https:\/\/obb.do\/inventario\/wp-content\/uploads\/2024\/01\/ISA00094-scaled.webp","https:\/\/obb.do\/inventario\/wp-content\/uploads\/2024\/01\/ISA00102-scaled.webp","https:\/\/obb.do\/inventario\/wp-content\/uploads\/2024\/01\/ISA00104-scaled.webp","https:\/\/obb.do\/inventario\/wp-content\/uploads\/2024\/01\/ISA00097-scaled.webp","https:\/\/obb.do\/inventario\/wp-content\/uploads\/2024\/01\/ISA00107-scaled.webp"],"vehica_6674":{"url":"","embed":""},"vehica_18820":[],"_links":{"self":[{"href":"https:\/\/obb.do\/inventario\/wp-json\/wp\/v2\/cars\/23910","targetHints":{"allow":["GET"]}}],"collection":[{"href":"https:\/\/obb.do\/inventario\/wp-json\/wp\/v2\/cars"}],"about":[{"href":"https:\/\/obb.do\/inventario\/wp-json\/wp\/v2\/types\/vehica_car"}],"author":[{"embeddable":true,"href":"https:\/\/obb.do\/inventario\/wp-json\/wp\/v2\/users\/85"}],"wp:featuredmedia":[{"embeddable":true,"href":"https:\/\/obb.do\/inventario\/wp-json\/wp\/v2\/media\/27360"}],"wp:attachment":[{"href":"https:\/\/obb.do\/inventario\/wp-json\/wp\/v2\/media?parent=23910"}],"wp:term":[{"taxonomy":"vehica_6654","embeddable":true,"href":"https:\/\/obb.do\/inventario\/wp-json\/wp\/v2\/vehica_6654?post=23910"},{"taxonomy":"vehica_6655","embeddable":true,"href":"https:\/\/obb.do\/inventario\/wp-json\/wp\/v2\/vehica_6655?post=23910"},{"taxonomy":"vehica_6659","embeddable":true,"href":"https:\/\/obb.do\/inventario\/wp-json\/wp\/v2\/vehica_6659?post=23910"},{"taxonomy":"vehica_6660","embeddable":true,"href":"https:\/\/obb.do\/inventario\/wp-json\/wp\/v2\/vehica_6660?post=23910"},{"taxonomy":"vehica_6661","embeddable":true,"href":"https:\/\/obb.do\/inventario\/wp-json\/wp\/v2\/vehica_6661?post=23910"},{"taxonomy":"vehica_6662","embeddable":true,"href":"https:\/\/obb.do\/inventario\/wp-json\/wp\/v2\/vehica_6662?post=23910"},{"taxonomy":"vehica_6663","embeddable":true,"href":"https:\/\/obb.do\/inventario\/wp-json\/wp\/v2\/vehica_6663?post=23910"},{"taxonomy":"vehica_12974","embeddable":true,"href":"https:\/\/obb.do\/inventario\/wp-json\/wp\/v2\/vehica_12974?post=23910"},{"taxonomy":"vehica_6666","embeddable":true,"href":"https:\/\/obb.do\/inventario\/wp-json\/wp\/v2\/vehica_6666?post=23910"},{"taxonomy":"vehica_12770","embeddable":true,"href":"https:\/\/obb.do\/inventario\/wp-json\/wp\/v2\/vehica_12770?post=23910"},{"taxonomy":"vehica_6670","embeddable":true,"href":"https:\/\/obb.do\/inventario\/wp-json\/wp\/v2\/vehica_6670?post=23910"},{"taxonomy":"vehica_12723","embeddable":true,"href":"https:\/\/obb.do\/inventario\/wp-json\/wp\/v2\/vehica_12723?post=23910"}],"curies":[{"name":"wp","href":"https:\/\/api.w.org\/{rel}","templated":true}]}}

<div class="detail-ad-info-specs-block">
<p>Garantía vigente del concesionario, cerámica y Xpel completo</p>
</div>
<div class="detail-ad-info-specs-block">
<p>New AUDI e-tron Sporback 55 Quattro S-line</p>
<p>Motor Eléctrico Syncronous (Delantero y Tasero) Año 2022<br />
Bateria 95 KW Potencia Tope 300 Kw (408 HP)<br />
Alcance 372 – 453 kms según WLTP 0 a 100 km/h 0 a 100 km/h Boost 6.6 Seg.<br />
5.7 Seg.<br />
Combustible Electricidad Torque modo Boost 664 Nm<br />
Tipo Jeepeta Cargador a Bordo Hasta 11 Kw</p>
<p>Transmisión Posee 2 cajas de cambio de 1 velocidad para transferir el torque a cada eje.<br />
Sistema Tracción total permanente Quattro®<br />
Suspensión Suspensión neumática adaptiva de 5 brazos de regulación electrónica ajustable a través del Audi Drive Select ¨.<br />
Seguridad Sistema antibloqueo (ABS).<br />
Sistema de Tracción Antideslizante (ASR).<br />
Bloqueo Electrónico de Diferencial (EDS).<br />
Control Electrónico de Estabilidad (ESC).<br />
Airbags frontales y laterales delanteros con sistema de airbags para la cabeza.<br />
Isofix para sujeción de sillas de niños en asientos traseros.<br />
Recordatorio de cinturón de seguridad óptico y acústico con sensor de ocupantes.<br />
Sistema de Visión Nocturna con cámara infraroja térmica con detector de peatones y animales.<br />
Audi Pre-Sense Front. (Inicia medidas preventivas para los pasajeros)<br />
• Monitorea el entorno frontal<br />
• En situaciones críticas avisa al conductor con un asistente de frenada avanzado.<br />
• Inicia medidas preventivas para los pasajeros.<br />
• Aumenta en caso necesario la fuerza de frenado<br />
• Tensiona los cinturones de seguridad.<br />
• Cierre de las ventanillas.<br />
• Encendido de los intermitentes de emergencia a modo de aviso.<br />
Audi Pre-Sense Rear Including Lane Change Assist<br />
• Controla el lateral/trasera por medio de dos radares, e informa al conductor a través de leds en los espejos cuando el sistema detecta que un vehículo nos impide cambiar de carril.<br />
• Funciona entre 30 y 250 km/h y puede desconectarse.<br />
• Inicia medidas preventivas para los pasajeros<br />
• Exit warning (detección de otros vehículos al abrir la puerta, aviso el LED luminoso en la puerta y Side Assist).<br />
• Asistente de cambio de carril<br />
Audi City Assistence Pack (Incluye)<br />
• Asistente de intercepciones<br />
• Aviso de Cambio de Carril<br />
• Exit warning (detección de otros vehículos al abrir la puerta, aviso el LED luminoso en la puerta).<br />
• Audi Cross Traffic frontal y trasero (Asistente de salida de tráfico cruzado).<br />
• Audi Pre Sence Basic.<br />
• Audi Pre Sense lateral.<br />
Alarma acústica y óptica con inmovilizador electrónico antirrobo<br />
Indicador de presión de gomas (TPMS).<br />
Botiquín, triángulo de emergencia y chaleco reflector</p>
</div>
